CRAN Package Check Results for Package rhandsontable

Last updated on 2021-09-16 09:54:53 CEST.

Flavor Version Tinstall Tcheck Ttotal Status Flags
r-devel-linux-x86_64-debian-clang 0.3.8 5.11 68.61 73.72 OK
r-devel-linux-x86_64-debian-gcc 0.3.8 3.10 52.02 55.12 OK
r-devel-linux-x86_64-fedora-clang 0.3.8 100.66 NOTE
r-devel-linux-x86_64-fedora-gcc 0.3.8 88.71 OK
r-devel-windows-x86_64 0.3.8 10.00 92.00 102.00 NOTE
r-devel-windows-x86_64-gcc10-UCRT 0.3.8 OK
r-patched-linux-x86_64 0.3.8 4.41 65.51 69.92 OK
r-patched-solaris-x86 0.3.8 80.10 NOTE
r-release-linux-x86_64 0.3.8 4.64 65.02 69.66 OK
r-release-macos-arm64 0.3.8 NOTE
r-release-macos-x86_64 0.3.8 WARN
r-release-windows-ix86+x86_64 0.3.8 14.00 73.00 87.00 NOTE
r-oldrel-macos-x86_64 0.3.8 WARN
r-oldrel-windows-ix86+x86_64 0.3.8 11.00 82.00 93.00 NOTE

Check Details

Version: 0.3.8
Check: installed package size
Result: NOTE
     installed size is 11.7Mb
     sub-directories of 1Mb or more:
     doc 10.3Mb
     htmlwidgets 1.3Mb
Flavors: r-devel-linux-x86_64-fedora-clang, r-devel-windows-x86_64, r-patched-solaris-x86, r-release-macos-arm64, r-release-macos-x86_64, r-release-windows-ix86+x86_64, r-oldrel-macos-x86_64, r-oldrel-windows-ix86+x86_64

Version: 0.3.8
Check: re-building of vignette outputs
Result: WARN
    Error(s) in re-building vignettes:
     ...
    --- re-building ‘intro_rhandsontable.Rmd’ using rmarkdown
    Warning in engine$weave(file, quiet = quiet, encoding = enc) :
     Pandoc (>= 1.12.3) not available. Falling back to R Markdown v1.
    Quitting from lines 34-47 (intro_rhandsontable.Rmd)
    Error: processing vignette 'intro_rhandsontable.Rmd' failed with diagnostics:
    invalid 'path' argument
    --- failed re-building ‘intro_rhandsontable.Rmd’
    
    SUMMARY: processing the following file failed:
     ‘intro_rhandsontable.Rmd’
    
    Error: Vignette re-building failed.
    Execution halted
Flavors: r-release-macos-x86_64, r-oldrel-macos-x86_64