CRAN Package Check Results for Package rgrassdoc

Last updated on 2021-10-21 09:55:04 CEST.

Flavor Version Tinstall Tcheck Ttotal Status Flags
r-devel-linux-x86_64-debian-clang 1.0.0 2.21 27.05 29.26 OK
r-devel-linux-x86_64-debian-gcc 1.0.0 2.04 21.03 23.07 OK
r-devel-linux-x86_64-fedora-clang 1.0.0 46.62 OK
r-devel-linux-x86_64-fedora-gcc 1.0.0 34.82 OK
r-devel-windows-x86_64 1.0.0 8.00 38.00 46.00 OK
r-devel-windows-x86_64-gcc10-UCRT 1.0.0 OK
r-patched-linux-x86_64 1.0.0 2.47 25.75 28.22 OK
r-patched-solaris-x86 1.0.0 58.30 ERROR
r-release-linux-x86_64 1.0.0 2.40 25.73 28.13 OK
r-release-macos-arm64 1.0.0 OK
r-release-macos-x86_64 1.0.0 OK
r-release-windows-ix86+x86_64 1.0.0 5.00 45.00 50.00 OK
r-oldrel-macos-x86_64 1.0.0 OK
r-oldrel-windows-ix86+x86_64 1.0.0 7.00 45.00 52.00 OK

Check Details

Version: 1.0.0
Check: tests
Result: ERROR
     Running ‘testthat.R’
    Running the tests in ‘tests/testthat.R’ failed.
    Complete output:
     > library(testthat)
     > library(rgrassdoc)
     ℹ GRASS GIS documentation - set to GRASS version 7.8
     >
     > test_check("rgrassdoc")
     ══ Skipped tests ═══════════════════════════════════════════════════════════════
     • On CRAN (5)
    
     ══ Failed tests ════════════════════════════════════════════════════════════════
     ── Error (test-man.R:131:3): fail on bad viewer argument ───────────────────────
     Error in `curl::curl_download(url, file, quiet = quiet, mode = mode, handle = handle)`: SSL certificate problem: certificate has expired
     Backtrace:
     █
     1. ├─testthat::expect_message(...) test-man.R:131:2
     2. │ └─testthat:::quasi_capture(enquo(object), label, capture_messages)
     3. │ ├─testthat:::.capture(...)
     4. │ │ └─base::withCallingHandlers(...)
     5. │ └─rlang::eval_bare(quo_get_expr(.quo), quo_get_env(.quo))
     6. └─rgrassdoc::man(r.in.gdal, viewer = "wrong_viewer")
     7. └─xml2::download_html(...)
     8. └─curl::curl_download(url, file, quiet = quiet, mode = mode, handle = handle)
    
     [ FAIL 1 | WARN 0 | SKIP 5 | PASS 5 ]
     Error: Test failures
     Execution halted
Flavor: r-patched-solaris-x86