CRAN Package Check Results for Package rfUtilities

Last updated on 2021-10-21 09:55:04 CEST.

Flavor Version Tinstall Tcheck Ttotal Status Flags
r-devel-linux-x86_64-debian-clang 2.1-5 5.46 46.36 51.82 NOTE
r-devel-linux-x86_64-debian-gcc 2.1-5 4.08 35.44 39.52 NOTE
r-devel-linux-x86_64-fedora-clang 2.1-5 73.12 NOTE
r-devel-linux-x86_64-fedora-gcc 2.1-5 61.77 NOTE
r-devel-windows-x86_64 2.1-5 7.00 54.00 61.00 NOTE
r-devel-windows-x86_64-gcc10-UCRT 2.1-5 NOTE
r-patched-linux-x86_64 2.1-5 5.20 45.35 50.55 NOTE
r-patched-solaris-x86 2.1-5 86.20 NOTE
r-release-linux-x86_64 2.1-5 5.48 45.48 50.96 NOTE
r-release-macos-arm64 2.1-5 NOTE
r-release-macos-x86_64 2.1-5 NOTE
r-release-windows-ix86+x86_64 2.1-5 7.00 65.00 72.00 NOTE
r-oldrel-macos-x86_64 2.1-5 OK
r-oldrel-windows-ix86+x86_64 2.1-5 10.00 63.00 73.00 OK

Check Details

Version: 2.1-5
Check: LazyData
Result: NOTE
     'LazyData' is specified without a 'data' directory
Flavors: r-devel-linux-x86_64-debian-clang, r-devel-linux-x86_64-debian-gcc, r-devel-linux-x86_64-fedora-clang, r-devel-linux-x86_64-fedora-gcc, r-devel-windows-x86_64, r-devel-windows-x86_64-gcc10-UCRT, r-patched-linux-x86_64, r-patched-solaris-x86, r-release-linux-x86_64, r-release-macos-arm64, r-release-macos-x86_64, r-release-windows-ix86+x86_64