Last updated on 2024-05-11 10:48:45 CEST.
Flavor | Version | Tinstall | Tcheck | Ttotal | Status | Flags |
---|---|---|---|---|---|---|
r-devel-linux-x86_64-debian-clang | 1.0.4 | 11.01 | 81.63 | 92.64 | NOTE | |
r-devel-linux-x86_64-debian-gcc | 1.0.4 | 7.73 | 59.99 | 67.72 | NOTE | |
r-devel-linux-x86_64-fedora-clang | 1.0.4 | 111.83 | NOTE | |||
r-devel-linux-x86_64-fedora-gcc | 1.0.4 | 159.91 | NOTE | |||
r-devel-windows-x86_64 | 1.0.4 | 9.00 | 99.00 | 108.00 | NOTE | |
r-patched-linux-x86_64 | 1.0.4 | 8.73 | 77.63 | 86.36 | NOTE | |
r-release-linux-x86_64 | 1.0.4 | 8.10 | 76.78 | 84.88 | NOTE | |
r-release-macos-arm64 | 1.0.4 | 38.00 | NOTE | |||
r-release-windows-x86_64 | 1.0.4 | 9.00 | 98.00 | 107.00 | NOTE | |
r-oldrel-macos-arm64 | 1.0.4 | 37.00 | NOTE | |||
r-oldrel-macos-x86_64 | 1.0.4 | 52.00 | NOTE | |||
r-oldrel-windows-x86_64 | 1.0.4 | 11.00 | 99.00 | 110.00 | NOTE |
Version: 1.0.4
Check: Rd files
Result: NOTE
checkRd: (-1) rec.Rd:23: Escaped LaTeX specials: \$
Flavors: r-devel-linux-x86_64-debian-clang, r-devel-linux-x86_64-debian-gcc, r-devel-linux-x86_64-fedora-clang, r-devel-linux-x86_64-fedora-gcc, r-devel-windows-x86_64, r-patched-linux-x86_64, r-release-linux-x86_64, r-release-macos-arm64, r-release-windows-x86_64, r-oldrel-macos-arm64, r-oldrel-macos-x86_64, r-oldrel-windows-x86_64