CRAN Package Check Results for Package reticulate

Last updated on 2021-09-26 09:49:47 CEST.

Flavor Version Tinstall Tcheck Ttotal Status Flags
r-devel-linux-x86_64-debian-clang 1.22 59.58 96.58 156.16 OK
r-devel-linux-x86_64-debian-gcc 1.22 37.00 72.99 109.99 OK
r-devel-linux-x86_64-fedora-clang 1.22 199.38 OK
r-devel-linux-x86_64-fedora-gcc 1.22 179.14 OK
r-devel-windows-x86_64 1.22 52.00 109.00 161.00 OK
r-devel-windows-x86_64-gcc10-UCRT 1.22 OK
r-patched-linux-x86_64 1.22 42.76 96.42 139.18 OK
r-patched-solaris-x86 1.22 213.50 OK
r-release-linux-x86_64 1.22 41.07 95.86 136.93 OK
r-release-macos-arm64 1.21 NOTE
r-release-macos-x86_64 1.22 OK
r-release-windows-ix86+x86_64 1.22 107.00 193.00 300.00 OK
r-oldrel-macos-x86_64 1.22 OK
r-oldrel-windows-ix86+x86_64 1.22 108.00 175.00 283.00 OK

Check Details

Version: 1.21
Check: installed package size
Result: NOTE
     installed size is 5.4Mb
     sub-directories of 1Mb or more:
     libs 4.1Mb
Flavor: r-release-macos-arm64