CRAN Package Check Results for Package reshape

Last updated on 2021-09-19 09:50:38 CEST.

Flavor Version Tinstall Tcheck Ttotal Status Flags
r-devel-linux-x86_64-debian-clang 0.8.8 3.82 36.49 40.31 OK
r-devel-linux-x86_64-debian-gcc 0.8.8 3.24 28.29 31.53 OK
r-devel-linux-x86_64-fedora-clang 0.8.8 57.43 OK
r-devel-linux-x86_64-fedora-gcc 0.8.8 47.19 OK
r-devel-windows-x86_64 0.8.8 5.00 59.00 64.00 OK
r-devel-windows-x86_64-gcc10-UCRT 0.8.8 ERROR
r-patched-linux-x86_64 0.8.8 3.72 34.88 38.60 OK
r-patched-solaris-x86 0.8.8 71.90 OK
r-release-linux-x86_64 0.8.8 4.14 34.87 39.01 OK
r-release-macos-arm64 0.8.8 OK
r-release-macos-x86_64 0.8.8 OK
r-release-windows-ix86+x86_64 0.8.8 8.00 43.00 51.00 OK
r-oldrel-macos-x86_64 0.8.8 OK
r-oldrel-windows-ix86+x86_64 0.8.8 9.00 45.00 54.00 OK

Check Details

Version: 0.8.8
Check: whether package can be installed
Result: WARN
    Found the following significant warnings:
     WARNING: installation-time patches will not be applied, could not get the patches index
Flavor: r-devel-windows-x86_64-gcc10-UCRT

Version: 0.8.8
Check: PDF version of manual
Result: WARN
    LaTeX errors when creating PDF version.
    This typically indicates Rd problems.
Flavor: r-devel-windows-x86_64-gcc10-UCRT

Version: 0.8.8
Check: PDF version of manual without hyperrefs or index
Result: ERROR
    Re-running with no redirection of stdout/stderr.
Flavor: r-devel-windows-x86_64-gcc10-UCRT