Last updated on 2024-03-28 10:49:46 CET.
Flavor | Version | Tinstall | Tcheck | Ttotal | Status | Flags |
---|---|---|---|---|---|---|
r-devel-linux-x86_64-debian-clang | 2.1.2 | 4.54 | 40.13 | 44.67 | NOTE | |
r-devel-linux-x86_64-debian-gcc | 2.1.2 | 3.57 | 31.00 | 34.57 | NOTE | |
r-devel-linux-x86_64-fedora-clang | 2.1.2 | 55.87 | NOTE | |||
r-devel-linux-x86_64-fedora-gcc | 2.1.2 | 53.87 | NOTE | |||
r-devel-windows-x86_64 | 2.1.2 | 4.00 | 51.00 | 55.00 | NOTE | |
r-patched-linux-x86_64 | 2.1.2 | 4.04 | 39.57 | 43.61 | NOTE | |
r-release-linux-x86_64 | 2.1.2 | 4.46 | 39.48 | 43.94 | NOTE | |
r-release-macos-arm64 | 2.1.2 | 24.00 | NOTE | |||
r-release-macos-x86_64 | 2.1.2 | 31.00 | NOTE | |||
r-release-windows-x86_64 | 2.1.2 | 6.00 | 55.00 | 61.00 | NOTE | |
r-oldrel-macos-arm64 | 2.1.2 | 19.00 | NOTE | |||
r-oldrel-windows-x86_64 | 2.1.2 | 6.00 | 59.00 | 65.00 | NOTE |
Version: 2.1.2
Check: LazyData
Result: NOTE
'LazyData' is specified without a 'data' directory
Flavors: r-devel-linux-x86_64-debian-clang, r-devel-linux-x86_64-debian-gcc, r-devel-linux-x86_64-fedora-clang, r-devel-linux-x86_64-fedora-gcc, r-devel-windows-x86_64, r-patched-linux-x86_64, r-release-linux-x86_64, r-release-macos-arm64, r-release-macos-x86_64, r-release-windows-x86_64, r-oldrel-macos-arm64, r-oldrel-windows-x86_64
Version: 2.1.2
Check: Rd cross-references
Result: NOTE
Undeclared package ‘magrittr’ in Rd xrefs
Flavor: r-devel-linux-x86_64-fedora-clang