CRAN Package Check Results for Package rematch2

Last updated on 2021-10-20 09:55:20 CEST.

Flavor Version Tinstall Tcheck Ttotal Status Flags
r-devel-linux-x86_64-debian-clang 2.1.2 3.53 32.77 36.30 NOTE
r-devel-linux-x86_64-debian-gcc 2.1.2 2.64 25.38 28.02 NOTE
r-devel-linux-x86_64-fedora-clang 2.1.2 54.96 NOTE
r-devel-linux-x86_64-fedora-gcc 2.1.2 42.46 NOTE
r-devel-windows-x86_64 2.1.2 6.00 42.00 48.00 NOTE
r-devel-windows-x86_64-gcc10-UCRT 2.1.2 NOTE
r-patched-linux-x86_64 2.1.2 3.54 31.30 34.84 NOTE
r-patched-solaris-x86 2.1.2 65.30 NOTE
r-release-linux-x86_64 2.1.2 3.15 32.08 35.23 NOTE
r-release-macos-arm64 2.1.2 NOTE
r-release-macos-x86_64 2.1.2 NOTE
r-release-windows-ix86+x86_64 2.1.2 8.00 49.00 57.00 NOTE
r-oldrel-macos-x86_64 2.1.2 OK
r-oldrel-windows-ix86+x86_64 2.1.2 19.00 53.00 72.00 OK

Check Details

Version: 2.1.2
Check: LazyData
Result: NOTE
     'LazyData' is specified without a 'data' directory
Flavors: r-devel-linux-x86_64-debian-clang, r-devel-linux-x86_64-debian-gcc, r-devel-linux-x86_64-fedora-clang, r-devel-linux-x86_64-fedora-gcc, r-devel-windows-x86_64, r-devel-windows-x86_64-gcc10-UCRT, r-patched-linux-x86_64, r-patched-solaris-x86, r-release-linux-x86_64, r-release-macos-arm64, r-release-macos-x86_64, r-release-windows-ix86+x86_64

Version: 2.1.2
Check: Rd cross-references
Result: NOTE
    Undeclared package ‘magrittr’ in Rd xrefs
Flavor: r-devel-linux-x86_64-fedora-clang