Last updated on 2024-04-24 10:23:05 CEST.
Flavor | Version | Tinstall | Tcheck | Ttotal | Status | Flags |
---|---|---|---|---|---|---|
r-devel-linux-x86_64-debian-clang | 1.0.0 | 4.25 | 36.48 | 40.73 | NOTE | |
r-devel-linux-x86_64-debian-gcc | 1.0.0 | 3.04 | 28.23 | 31.27 | NOTE | |
r-devel-linux-x86_64-fedora-clang | 1.0.0 | 50.49 | NOTE | |||
r-devel-linux-x86_64-fedora-gcc | 1.0.0 | 48.81 | NOTE | |||
r-devel-windows-x86_64 | 1.0.0 | 6.00 | 53.00 | 59.00 | NOTE | |
r-patched-linux-x86_64 | 1.0.0 | 3.97 | 36.05 | 40.02 | NOTE | |
r-release-linux-x86_64 | 1.0.0 | 3.70 | 36.09 | 39.79 | NOTE | |
r-release-macos-arm64 | 1.0.0 | 22.00 | NOTE | |||
r-release-windows-x86_64 | 1.0.0 | 6.00 | 55.00 | 61.00 | NOTE | |
r-oldrel-macos-arm64 | 1.0.0 | 19.00 | NOTE | |||
r-oldrel-macos-x86_64 | 1.0.0 | 28.00 | NOTE | |||
r-oldrel-windows-x86_64 | 1.0.0 | 7.00 | 63.00 | 70.00 | NOTE |
Version: 1.0.0
Check: LazyData
Result: NOTE
'LazyData' is specified without a 'data' directory
Flavors: r-devel-linux-x86_64-debian-clang, r-devel-linux-x86_64-debian-gcc, r-devel-linux-x86_64-fedora-clang, r-devel-linux-x86_64-fedora-gcc, r-devel-windows-x86_64, r-patched-linux-x86_64, r-release-linux-x86_64, r-release-macos-arm64, r-release-windows-x86_64, r-oldrel-macos-arm64, r-oldrel-macos-x86_64, r-oldrel-windows-x86_64