CRAN Package Check Results for Package refitME

Last updated on 2021-10-20 09:55:20 CEST.

Flavor Version Tinstall Tcheck Ttotal Status Flags
r-devel-linux-x86_64-debian-clang 1.2.2 12.19 102.08 114.27 OK
r-devel-linux-x86_64-debian-gcc 1.2.2 9.92 78.85 88.77 OK
r-devel-linux-x86_64-fedora-clang 1.2.2 148.82 NOTE
r-devel-linux-x86_64-fedora-gcc 1.2.2 136.28 NOTE
r-devel-windows-x86_64 1.2.2 18.00 114.00 132.00 OK
r-devel-windows-x86_64-gcc10-UCRT 1.2.2 NOTE
r-patched-linux-x86_64 1.2.2 12.33 100.76 113.09 OK
r-patched-solaris-x86 1.2.2 219.60 NOTE
r-release-linux-x86_64 1.2.2 12.61 100.08 112.69 OK
r-release-macos-arm64 1.2.2 NOTE
r-release-macos-x86_64 1.2.2 NOTE
r-release-windows-ix86+x86_64 1.2.2 26.00 135.00 161.00 OK
r-oldrel-macos-x86_64 1.2.0 NOTE
r-oldrel-windows-ix86+x86_64 1.2.0 25.00 114.00 139.00 OK

Check Details

Version: 1.2.2
Check: dependencies in R code
Result: NOTE
    Namespaces in Imports field not imported from:
     ‘SemiPar’ ‘caret’ ‘dplyr’ ‘scales’
     All declared Imports should be used.
Flavors: r-devel-linux-x86_64-fedora-clang, r-devel-linux-x86_64-fedora-gcc, r-devel-windows-x86_64-gcc10-UCRT, r-patched-solaris-x86, r-release-macos-arm64, r-release-macos-x86_64

Version: 1.2.0
Check: dependencies in R code
Result: NOTE
    Namespaces in Imports field not imported from:
     ‘SemiPar’ ‘caret’ ‘dplyr’
     All declared Imports should be used.
Flavor: r-oldrel-macos-x86_64