CRAN Package Check Results for Package redcapAPI

Last updated on 2021-10-27 10:09:57 CEST.

Flavor Version Tinstall Tcheck Ttotal Status Flags
r-devel-linux-x86_64-debian-clang 2.3 4.28 34.89 39.17 OK
r-devel-linux-x86_64-debian-gcc 2.3 4.15 26.69 30.84 OK
r-devel-linux-x86_64-fedora-clang 2.3 58.41 NOTE
r-devel-linux-x86_64-fedora-gcc 2.3 48.36 NOTE
r-devel-windows-x86_64 2.3 8.00 38.00 46.00 OK
r-devel-windows-x86_64-gcc10-UCRT 2.3 NOTE
r-patched-linux-x86_64 2.3 5.51 33.70 39.21 OK
r-patched-solaris-x86 2.3 66.80 NOTE
r-release-linux-x86_64 2.3 5.17 33.82 38.99 OK
r-release-macos-arm64 2.3 NOTE
r-release-macos-x86_64 2.3 NOTE
r-release-windows-ix86+x86_64 2.3 8.00 52.00 60.00 OK
r-oldrel-macos-x86_64 2.3 NOTE
r-oldrel-windows-ix86+x86_64 2.3 10.00 54.00 64.00 OK

Check Details

Version: 2.3
Check: dependencies in R code
Result: NOTE
    Namespaces in Imports field not imported from:
     ‘DBI’ ‘readr’
     All declared Imports should be used.
Flavors: r-devel-linux-x86_64-fedora-clang, r-devel-linux-x86_64-fedora-gcc, r-devel-windows-x86_64-gcc10-UCRT, r-patched-solaris-x86, r-release-macos-arm64, r-release-macos-x86_64, r-oldrel-macos-x86_64