CRAN Package Check Results for Package recipes

Last updated on 2021-09-23 10:53:42 CEST.

Flavor Version Tinstall Tcheck Ttotal Status Flags
r-devel-linux-x86_64-debian-clang 0.1.16 24.85 300.86 325.71 OK
r-devel-linux-x86_64-debian-gcc 0.1.16 18.24 223.37 241.61 OK
r-devel-linux-x86_64-fedora-clang 0.1.16 377.90 NOTE
r-devel-linux-x86_64-fedora-gcc 0.1.16 375.27 OK
r-devel-windows-x86_64 0.1.16 24.00 289.00 313.00 OK
r-devel-windows-x86_64-gcc10-UCRT 0.1.16 ERROR
r-patched-linux-x86_64 0.1.16 31.78 301.24 333.02 OK
r-patched-solaris-x86 0.1.16 469.60 OK
r-release-linux-x86_64 0.1.16 18.54 302.24 320.78 OK
r-release-macos-arm64 0.1.16 OK
r-release-macos-x86_64 0.1.16 OK
r-release-windows-ix86+x86_64 0.1.16 44.00 285.00 329.00 OK
r-oldrel-macos-x86_64 0.1.16 OK
r-oldrel-windows-ix86+x86_64 0.1.16 28.00 305.00 333.00 OK

Check Details

Version: 0.1.16
Check: Rd cross-references
Result: NOTE
    Undeclared packages ‘workflows’, ‘hardhat’ in Rd xrefs
Flavor: r-devel-linux-x86_64-fedora-clang

Version: 0.1.16
Check: package dependencies
Result: NOTE
    Packages suggested but not available for checking: 'igraph', 'xml2'
Flavor: r-devel-windows-x86_64-gcc10-UCRT

Version: 0.1.16
Check: PDF version of manual
Result: WARN
    LaTeX errors when creating PDF version.
    This typically indicates Rd problems.
Flavor: r-devel-windows-x86_64-gcc10-UCRT

Version: 0.1.16
Check: PDF version of manual without hyperrefs or index
Result: ERROR
    Re-running with no redirection of stdout/stderr.
Flavor: r-devel-windows-x86_64-gcc10-UCRT