Last updated on 2024-04-19 10:57:38 CEST.
Flavor | Version | Tinstall | Tcheck | Ttotal | Status | Flags |
---|---|---|---|---|---|---|
r-devel-linux-x86_64-debian-clang | 0.3.0 | 80.34 | 70.79 | 151.13 | OK | |
r-devel-linux-x86_64-debian-gcc | 0.3.0 | OK | ||||
r-devel-linux-x86_64-fedora-clang | 0.3.0 | 220.82 | OK | |||
r-devel-linux-x86_64-fedora-gcc | 0.3.0 | 230.69 | OK | |||
r-prerel-macos-arm64 | 0.3.0 | 54.00 | NOTE | |||
r-prerel-windows-x86_64 | 0.3.0 | 65.00 | 96.00 | 161.00 | OK | |
r-patched-linux-x86_64 | 0.3.0 | 86.35 | 68.67 | 155.02 | OK | |
r-release-linux-x86_64 | 0.3.0 | 81.86 | 67.45 | 149.31 | OK | |
r-release-macos-arm64 | 0.3.0 | 63.00 | NOTE | |||
r-release-macos-x86_64 | 0.3.0 | 90.00 | NOTE | |||
r-release-windows-x86_64 | 0.3.0 | 79.00 | 111.00 | 190.00 | OK | |
r-oldrel-macos-arm64 | 0.3.0 | 55.00 | NOTE | |||
r-oldrel-windows-x86_64 | 0.3.0 | 71.00 | 108.00 | 179.00 | OK |
Version: 0.3.0
Check: installed package size
Result: NOTE
installed size is 5.1Mb
sub-directories of 1Mb or more:
doc 2.5Mb
libs 2.5Mb
Flavors: r-prerel-macos-arm64, r-release-macos-arm64, r-release-macos-x86_64, r-oldrel-macos-arm64