Last updated on 2024-04-23 10:54:14 CEST.
Flavor | Version | Tinstall | Tcheck | Ttotal | Status | Flags |
---|---|---|---|---|---|---|
r-devel-linux-x86_64-debian-clang | 0.0-1 | 2.30 | 23.39 | 25.69 | NOTE | |
r-devel-linux-x86_64-debian-gcc | 0.0-1 | 1.66 | 18.04 | 19.70 | NOTE | |
r-devel-linux-x86_64-fedora-clang | 0.0-1 | 31.99 | NOTE | |||
r-devel-linux-x86_64-fedora-gcc | 0.0-1 | 30.52 | NOTE | |||
r-prerel-macos-arm64 | 0.0-1 | 15.00 | NOTE | |||
r-prerel-windows-x86_64 | 0.0-1 | 3.00 | 41.00 | 44.00 | NOTE | |
r-patched-linux-x86_64 | 0.0-1 | 4.68 | 22.06 | 26.74 | NOTE | |
r-release-linux-x86_64 | 0.0-1 | 1.94 | 21.96 | 23.90 | NOTE | |
r-release-macos-arm64 | 0.0-1 | 18.00 | NOTE | |||
r-release-macos-x86_64 | 0.0-1 | 20.00 | NOTE | |||
r-release-windows-x86_64 | 0.0-1 | 3.00 | 39.00 | 42.00 | NOTE | |
r-oldrel-macos-arm64 | 0.0-1 | 15.00 | NOTE | |||
r-oldrel-windows-x86_64 | 0.0-1 | 3.00 | 44.00 | 47.00 | NOTE |
Version: 0.0-1
Check: LazyData
Result: NOTE
'LazyData' is specified without a 'data' directory
Flavors: r-devel-linux-x86_64-debian-clang, r-devel-linux-x86_64-debian-gcc, r-devel-linux-x86_64-fedora-clang, r-devel-linux-x86_64-fedora-gcc, r-prerel-macos-arm64, r-prerel-windows-x86_64, r-patched-linux-x86_64, r-release-linux-x86_64, r-release-macos-arm64, r-release-macos-x86_64, r-release-windows-x86_64, r-oldrel-macos-arm64, r-oldrel-windows-x86_64