CRAN Package Check Results for Package readxl

Last updated on 2021-09-19 09:50:37 CEST.

Flavor Version Tinstall Tcheck Ttotal Status Flags
r-devel-linux-x86_64-debian-clang 1.3.1 67.31 44.20 111.51 NOTE
r-devel-linux-x86_64-debian-gcc 1.3.1 46.96 33.91 80.87 NOTE
r-devel-linux-x86_64-fedora-clang 1.3.1 163.08 NOTE
r-devel-linux-x86_64-fedora-gcc 1.3.1 139.75 NOTE
r-devel-windows-x86_64 1.3.1 58.00 88.00 146.00 NOTE
r-devel-windows-x86_64-gcc10-UCRT 1.3.1 ERROR
r-patched-linux-x86_64 1.3.1 63.61 43.75 107.36 NOTE
r-patched-solaris-x86 1.3.1 156.50 NOTE
r-release-linux-x86_64 1.3.1 53.41 43.92 97.33 NOTE
r-release-macos-arm64 1.3.1 NOTE
r-release-macos-x86_64 1.3.1 NOTE
r-release-windows-ix86+x86_64 1.3.1 153.00 88.00 241.00 NOTE
r-oldrel-macos-x86_64 1.3.1 OK
r-oldrel-windows-ix86+x86_64 1.3.1 153.00 91.00 244.00 OK

Check Details

Version: 1.3.1
Check: LazyData
Result: NOTE
     'LazyData' is specified without a 'data' directory
Flavors: r-devel-linux-x86_64-debian-clang, r-devel-linux-x86_64-debian-gcc, r-devel-linux-x86_64-fedora-clang, r-devel-linux-x86_64-fedora-gcc, r-devel-windows-x86_64, r-patched-linux-x86_64, r-patched-solaris-x86, r-release-linux-x86_64, r-release-macos-arm64, r-release-macos-x86_64, r-release-windows-ix86+x86_64

Version: 1.3.1
Check: whether package can be installed
Result: ERROR
    Installation failed.
Flavor: r-devel-windows-x86_64-gcc10-UCRT

Version: 1.3.1
Check: installed package size
Result: NOTE
     installed size is 5.3Mb
     sub-directories of 1Mb or more:
     libs 4.0Mb
Flavor: r-release-macos-arm64