CRAN Package Check Results for Package readrba

Last updated on 2021-07-29 10:53:14 CEST.

Flavor Version Tinstall Tcheck Ttotal Status Flags
r-devel-linux-x86_64-debian-clang 0.1.1 OK
r-devel-linux-x86_64-debian-gcc 0.1.1 4.13 42.12 46.25 OK
r-devel-linux-x86_64-fedora-clang 0.1.1 82.66 NOTE
r-devel-linux-x86_64-fedora-gcc 0.1.1 72.10 OK
r-devel-windows-x86_64 0.1.1 9.00 132.00 141.00 OK
r-devel-windows-x86_64-gcc10-UCRT 0.1.1 OK
r-patched-linux-x86_64 0.1.1 4.83 51.94 56.77 OK
r-patched-solaris-x86 0.1.1 102.10 OK
r-release-linux-x86_64 0.1.1 4.88 52.94 57.82 OK
r-release-macos-arm64 0.1.1 WARN
r-release-macos-x86_64 0.1.1 OK
r-release-windows-ix86+x86_64 0.1.1 13.00 124.00 137.00 OK
r-oldrel-macos-x86_64 0.1.1 OK
r-oldrel-windows-ix86+x86_64 0.1.1 9.00 126.00 135.00 OK

Check Details

Version: 0.1.1
Check: Rd cross-references
Result: NOTE
    Undeclared package ‘magrittr’ in Rd xrefs
Flavor: r-devel-linux-x86_64-fedora-clang

Version: 0.1.1
Check: re-building of vignette outputs
Result: WARN
    Error(s) in re-building vignettes:
    --- re-building ‘readrba.Rmd’ using rmarkdown
    Warning in engine$weave(file, quiet = quiet, encoding = enc) :
     Pandoc (>= 1.12.3) not available. Falling back to R Markdown v1.
    
    Attaching package: 'dplyr'
    
    The following objects are masked from 'package:stats':
    
     filter, lag
    
    The following objects are masked from 'package:base':
    
     intersect, setdiff, setequal, union
    
    
    Attaching package: 'lubridate'
    
    The following objects are masked from 'package:base':
    
     date, intersect, setdiff, union
    
    Quitting from lines 93-97 (readrba.Rmd)
    Error: processing vignette 'readrba.Rmd' failed with diagnostics:
    polygon edge not found
    --- failed re-building ‘readrba.Rmd’
    
    SUMMARY: processing the following file failed:
     ‘readrba.Rmd’
    
    Error: Vignette re-building failed.
    Execution halted
Flavor: r-release-macos-arm64