Last updated on 2024-04-22 10:56:35 CEST.
Flavor | Version | Tinstall | Tcheck | Ttotal | Status | Flags |
---|---|---|---|---|---|---|
r-devel-linux-x86_64-debian-clang | 2.8.3 | 4.20 | 34.79 | 38.99 | NOTE | |
r-devel-linux-x86_64-debian-gcc | 2.8.3 | 2.62 | 26.23 | 28.85 | NOTE | |
r-devel-linux-x86_64-fedora-clang | 2.8.3 | 47.96 | NOTE | |||
r-devel-linux-x86_64-fedora-gcc | 2.8.3 | 45.54 | NOTE | |||
r-prerel-macos-arm64 | 2.8.3 | 17.00 | NOTE | |||
r-prerel-windows-x86_64 | 2.8.3 | 4.00 | 47.00 | 51.00 | NOTE | |
r-patched-linux-x86_64 | 2.8.3 | 4.11 | 33.42 | 37.53 | NOTE | |
r-release-linux-x86_64 | 2.8.3 | 3.01 | 32.51 | 35.52 | OK | |
r-release-macos-arm64 | 2.8.3 | 21.00 | OK | |||
r-release-macos-x86_64 | 2.8.3 | 45.00 | OK | |||
r-release-windows-x86_64 | 2.8.3 | 5.00 | 45.00 | 50.00 | OK | |
r-oldrel-macos-arm64 | 2.8.3 | 22.00 | OK | |||
r-oldrel-windows-x86_64 | 2.8.3 | 5.00 | 57.00 | 62.00 | OK |
Version: 2.8.3
Check: Rd files
Result: NOTE
checkRd: (-1) readMzXmlDir.Rd:39: Lost braces in \itemize; \value handles \item{}{} directly
checkRd: (-1) readMzXmlDir.Rd:40: Lost braces in \itemize; \value handles \item{}{} directly
checkRd: (-1) readMzXmlDir.Rd:41: Lost braces in \itemize; \value handles \item{}{} directly
checkRd: (-1) readMzXmlFile.Rd:21: Lost braces in \itemize; \value handles \item{}{} directly
checkRd: (-1) readMzXmlFile.Rd:22: Lost braces in \itemize; \value handles \item{}{} directly
checkRd: (-1) readMzXmlFile.Rd:23: Lost braces in \itemize; \value handles \item{}{} directly
Flavors: r-devel-linux-x86_64-debian-clang, r-devel-linux-x86_64-debian-gcc, r-devel-linux-x86_64-fedora-clang, r-devel-linux-x86_64-fedora-gcc, r-prerel-macos-arm64, r-prerel-windows-x86_64, r-patched-linux-x86_64
Version: 2.8.3
Check: Rd cross-references
Result: NOTE
Undeclared package ‘MALDIquantForeign’ in Rd xrefs
Flavor: r-devel-linux-x86_64-fedora-clang