CRAN Package Check Results for Package readMzXmlData

Last updated on 2021-09-22 09:52:43 CEST.

Flavor Version Tinstall Tcheck Ttotal Status Flags
r-devel-linux-x86_64-debian-clang 2.8.1 3.46 32.09 35.55 OK
r-devel-linux-x86_64-debian-gcc 2.8.1 2.80 25.15 27.95 OK
r-devel-linux-x86_64-fedora-clang 2.8.1 52.88 NOTE
r-devel-linux-x86_64-fedora-gcc 2.8.1 42.43 OK
r-devel-windows-x86_64 2.8.1 5.00 39.00 44.00 OK
r-devel-windows-x86_64-gcc10-UCRT 2.8.1 ERROR
r-patched-linux-x86_64 2.8.1 3.63 31.05 34.68 OK
r-patched-solaris-x86 2.8.1 62.90 OK
r-release-linux-x86_64 2.8.1 3.41 31.33 34.74 OK
r-release-macos-arm64 2.8.1 OK
r-release-macos-x86_64 2.8.1 OK
r-release-windows-ix86+x86_64 2.8.1 7.00 38.00 45.00 OK
r-oldrel-macos-x86_64 2.8.1 OK
r-oldrel-windows-ix86+x86_64 2.8.1 20.00 37.00 57.00 OK

Check Details

Version: 2.8.1
Check: Rd cross-references
Result: NOTE
    Undeclared package ‘MALDIquantForeign’ in Rd xrefs
Flavor: r-devel-linux-x86_64-fedora-clang

Version: 2.8.1
Check: package dependencies
Result: ERROR
    Package required but not available: 'XML'
    
    See section 'The DESCRIPTION file' in the 'Writing R Extensions'
    manual.
Flavor: r-devel-windows-x86_64-gcc10-UCRT