CRAN Package Check Results for Package reactablefmtr

Last updated on 2021-10-25 09:55:32 CEST.

Flavor Version Tinstall Tcheck Ttotal Status Flags
r-devel-linux-x86_64-debian-clang 1.0.0 4.93 63.56 68.49 NOTE
r-devel-linux-x86_64-debian-gcc 1.0.0 4.12 48.53 52.65 NOTE
r-devel-linux-x86_64-fedora-clang 1.0.0 92.65 NOTE
r-devel-linux-x86_64-fedora-gcc 1.0.0 82.83 NOTE
r-devel-windows-x86_64 1.0.0 8.00 74.00 82.00 NOTE
r-devel-windows-x86_64-gcc10-UCRT 1.0.0 NOTE
r-patched-linux-x86_64 1.0.0 5.43 61.37 66.80 NOTE
r-patched-solaris-x86 1.0.0 107.50 OK
r-release-linux-x86_64 1.0.0 5.13 59.74 64.87 NOTE
r-release-macos-arm64 1.0.0 NOTE
r-release-macos-x86_64 1.0.0 NOTE
r-release-windows-ix86+x86_64 1.0.0 8.00 91.00 99.00 NOTE
r-oldrel-macos-x86_64 1.0.0 NOTE
r-oldrel-windows-ix86+x86_64 1.0.0 10.00 100.00 110.00 NOTE

Check Details

Version: 1.0.0
Check: package dependencies
Result: NOTE
    Package suggested but not available for checking: 'webshot2'
Flavors: r-devel-linux-x86_64-debian-clang, r-devel-linux-x86_64-debian-gcc, r-devel-linux-x86_64-fedora-clang, r-devel-linux-x86_64-fedora-gcc, r-devel-windows-x86_64, r-devel-windows-x86_64-gcc10-UCRT, r-patched-linux-x86_64, r-release-linux-x86_64, r-release-macos-arm64, r-release-macos-x86_64, r-release-windows-ix86+x86_64, r-oldrel-macos-x86_64, r-oldrel-windows-ix86+x86_64