CRAN Package Check Results for Package rdtLite

Last updated on 2021-09-16 09:54:52 CEST.

Flavor Version Tinstall Tcheck Ttotal Status Flags
r-devel-linux-x86_64-debian-clang 1.3 7.63 58.33 65.96 OK
r-devel-linux-x86_64-debian-gcc 1.3 5.04 44.41 49.45 OK
r-devel-linux-x86_64-fedora-clang 1.3 86.35 NOTE
r-devel-linux-x86_64-fedora-gcc 1.3 75.82 NOTE
r-devel-windows-x86_64 1.3 8.00 86.00 94.00 OK
r-devel-windows-x86_64-gcc10-UCRT 1.3 NOTE
r-patched-linux-x86_64 1.3 7.02 46.61 53.63 OK
r-patched-solaris-x86 1.3 87.50 NOTE
r-release-linux-x86_64 1.3 7.64 46.29 53.93 OK
r-release-macos-arm64 1.3 NOTE
r-release-macos-x86_64 1.3 NOTE
r-release-windows-ix86+x86_64 1.3 12.00 55.00 67.00 OK
r-oldrel-macos-x86_64 1.3 NOTE
r-oldrel-windows-ix86+x86_64 1.3 7.00 59.00 66.00 OK

Check Details

Version: 1.3
Check: dependencies in R code
Result: NOTE
    Namespace in Imports field not imported from: ‘gtools’
     All declared Imports should be used.
Flavors: r-devel-linux-x86_64-fedora-clang, r-devel-linux-x86_64-fedora-gcc, r-devel-windows-x86_64-gcc10-UCRT, r-patched-solaris-x86, r-release-macos-arm64, r-release-macos-x86_64, r-oldrel-macos-x86_64