CRAN Package Check Results for Package rdfp

Last updated on 2021-09-19 09:50:37 CEST.

Flavor Version Tinstall Tcheck Ttotal Status Flags
r-devel-linux-x86_64-debian-clang 0.1.4 11.14 100.11 111.25 NOTE
r-devel-linux-x86_64-debian-gcc 0.1.4 9.67 74.75 84.42 NOTE
r-devel-linux-x86_64-fedora-clang 0.1.4 141.86 NOTE
r-devel-linux-x86_64-fedora-gcc 0.1.4 127.91 NOTE
r-devel-windows-x86_64 0.1.4 13.00 157.00 170.00 NOTE
r-devel-windows-x86_64-gcc10-UCRT 0.1.4 ERROR
r-patched-linux-x86_64 0.1.4 18.81 95.56 114.37 NOTE
r-patched-solaris-x86 0.1.4 169.00 NOTE
r-release-linux-x86_64 0.1.4 10.78 94.97 105.75 NOTE
r-release-macos-arm64 0.1.4 NOTE
r-release-macos-x86_64 0.1.4 NOTE
r-release-windows-ix86+x86_64 0.1.4 24.00 113.00 137.00 NOTE
r-oldrel-macos-x86_64 0.1.4 OK
r-oldrel-windows-ix86+x86_64 0.1.4 24.00 114.00 138.00 OK

Check Details

Version: 0.1.4
Check: LazyData
Result: NOTE
     'LazyData' is specified without a 'data' directory
Flavors: r-devel-linux-x86_64-debian-clang, r-devel-linux-x86_64-debian-gcc, r-devel-linux-x86_64-fedora-clang, r-devel-linux-x86_64-fedora-gcc, r-devel-windows-x86_64, r-patched-linux-x86_64, r-patched-solaris-x86, r-release-linux-x86_64, r-release-macos-arm64, r-release-macos-x86_64, r-release-windows-ix86+x86_64

Version: 0.1.4
Check: package dependencies
Result: ERROR
    Package required but not available: 'XML'
    
    See section 'The DESCRIPTION file' in the 'Writing R Extensions'
    manual.
Flavor: r-devel-windows-x86_64-gcc10-UCRT