CRAN Package Check Results for Package rdbnomics

Last updated on 2021-09-25 09:54:02 CEST.

Flavor Version Tinstall Tcheck Ttotal Status Flags
r-devel-linux-x86_64-debian-clang 0.6.4 6.52 49.79 56.31 NOTE
r-devel-linux-x86_64-debian-gcc 0.6.4 4.19 37.35 41.54 NOTE
r-devel-linux-x86_64-fedora-clang 0.6.4 75.74 NOTE
r-devel-linux-x86_64-fedora-gcc 0.6.4 63.80 NOTE
r-devel-windows-x86_64 0.6.4 7.00 76.00 83.00 NOTE
r-devel-windows-x86_64-gcc10-UCRT 0.6.4 NOTE
r-patched-linux-x86_64 0.6.4 6.06 46.55 52.61 NOTE
r-patched-solaris-x86 0.6.4 87.30 NOTE
r-release-linux-x86_64 0.6.4 5.35 46.80 52.15 NOTE
r-release-macos-arm64 0.6.4 NOTE
r-release-macos-x86_64 0.6.4 NOTE
r-release-windows-ix86+x86_64 0.6.4 11.00 75.00 86.00 NOTE
r-oldrel-macos-x86_64 0.6.4 OK
r-oldrel-windows-ix86+x86_64 0.6.4 28.00 75.00 103.00 OK

Check Details

Version: 0.6.4
Check: LazyData
Result: NOTE
     'LazyData' is specified without a 'data' directory
Flavors: r-devel-linux-x86_64-debian-clang, r-devel-linux-x86_64-debian-gcc, r-devel-linux-x86_64-fedora-clang, r-devel-linux-x86_64-fedora-gcc, r-devel-windows-x86_64, r-devel-windows-x86_64-gcc10-UCRT, r-patched-linux-x86_64, r-patched-solaris-x86, r-release-linux-x86_64, r-release-macos-arm64, r-release-macos-x86_64, r-release-windows-ix86+x86_64