CRAN Package Check Results for Package rdacca.hp

Last updated on 2021-10-18 09:54:55 CEST.

Flavor Version Tinstall Tcheck Ttotal Status Flags
r-devel-linux-x86_64-debian-clang 1.0-3 10.44 99.05 109.49 OK
r-devel-linux-x86_64-debian-gcc 1.0-3 7.19 73.23 80.42 OK
r-devel-linux-x86_64-fedora-clang 1.0-3 128.31 ERROR
r-devel-linux-x86_64-fedora-gcc 1.0-3 124.20 OK
r-devel-windows-x86_64 1.0-3 16.00 101.00 117.00 OK
r-devel-windows-x86_64-gcc10-UCRT 1.0-3 OK
r-patched-linux-x86_64 1.0-3 10.22 91.24 101.46 OK
r-patched-solaris-x86 1.0-3 184.50 OK
r-release-linux-x86_64 1.0-3 10.61 90.67 101.28 OK
r-release-macos-arm64 1.0-3 OK
r-release-macos-x86_64 1.0-3 OK
r-release-windows-ix86+x86_64 1.0-3 23.00 120.00 143.00 OK
r-oldrel-macos-x86_64 1.0-3 OK
r-oldrel-windows-ix86+x86_64 1.0-3 26.00 121.00 147.00 OK

Check Details

Version: 1.0-3
Check: examples
Result: ERROR
    Running examples in ‘rdacca.hp-Ex.R’ failed
    The error most likely occurred in:
    
    > ### Name: plot.rdaccahp
    > ### Title: Plot for a 'rdacca.hp' object
    > ### Aliases: plot.rdaccahp
    >
    > ### ** Examples
    >
    > library(vegan)
    > data(mite)
    > data(mite.env)
    > mite.hel <- decostand(mite, "hellinger")
    > avc<-rdacca.hp(mite.hel,mite.env,method="RDA",type="adjR2")
    > plot(avc)
    > plot(avc, plot.perc=TRUE)
    
     *** caught segfault ***
    address 0x25, cause 'memory not mapped'
    
    Traceback:
     1: grid.Call.graphics(C_text, as.graphicsAnnot(x$label), x$x, x$y, resolveHJust(x$just, x$hjust), resolveVJust(x$just, x$vjust), x$rot, x$check.overlap)
     2: drawDetails.text(x, recording = FALSE)
     3: drawDetails(x, recording = FALSE)
     4: drawGrob(x)
     5: recordGraphics(drawGrob(x), list(x = x), getNamespace("grid"))
     6: grid.draw.grob(x$children[[i]], recording = FALSE)
     7: grid.draw(x$children[[i]], recording = FALSE)
     8: drawGTree(x)
     9: recordGraphics(drawGTree(x), list(x = x), getNamespace("grid"))
    10: grid.draw.gTree(x$children[[i]], recording = FALSE)
    11: grid.draw(x$children[[i]], recording = FALSE)
    12: drawGTree(x)
    13: recordGraphics(drawGTree(x), list(x = x), getNamespace("grid"))
    14: grid.draw.gTree(gtable)
    15: grid.draw(gtable)
    16: print.ggplot(x)
    17: (function (x, ...) UseMethod("print"))(x)
    An irrecoverable exception occurred. R is aborting now ...
Flavor: r-devel-linux-x86_64-fedora-clang