Last updated on 2024-04-18 10:49:59 CEST.
Flavor | Version | Tinstall | Tcheck | Ttotal | Status | Flags |
---|---|---|---|---|---|---|
r-devel-linux-x86_64-debian-clang | 1.1-0 | 8.16 | 103.61 | 111.77 | NOTE | |
r-devel-linux-x86_64-debian-gcc | 1.1-0 | 9.15 | 74.77 | 83.92 | NOTE | |
r-devel-linux-x86_64-fedora-clang | 1.1-0 | 140.82 | NOTE | |||
r-devel-linux-x86_64-fedora-gcc | 1.1-0 | 129.39 | NOTE | |||
r-prerel-macos-arm64 | 1.1-0 | 39.00 | NOTE | |||
r-prerel-windows-x86_64 | 1.1-0 | 10.00 | 85.00 | 95.00 | NOTE | |
r-patched-linux-x86_64 | 1.1-0 | 9.62 | 96.73 | 106.35 | NOTE | |
r-release-linux-x86_64 | 1.1-0 | 7.77 | 98.59 | 106.36 | OK | |
r-release-macos-arm64 | 1.1-0 | 47.00 | OK | |||
r-release-macos-x86_64 | 1.1-0 | 86.00 | OK | |||
r-release-windows-x86_64 | 1.1-0 | 13.00 | 101.00 | 114.00 | OK | |
r-oldrel-macos-arm64 | 1.1-0 | 48.00 | OK | |||
r-oldrel-windows-x86_64 | 1.1-0 | 13.00 | 108.00 | 121.00 | OK |
Version: 1.1-0
Check: Rd files
Result: NOTE
checkRd: (-1) plot.rdaccahp.Rd:38: Lost braces; missing escapes or markup?
38 | {Yao Liu} \email{liuyao@stu.xmu.edu.cn}
| ^
checkRd: (-1) rdacca.hp.Rd:86: Lost braces; missing escapes or markup?
86 | {Pedro Peres-Neto} \email{pedro.peres-neto@concordia.ca}
| ^
checkRd: (-1) rdacca.hp.Rd:88: Lost braces; missing escapes or markup?
88 | {Kim Nimon} \email{kim.nimon@gmail.com}
| ^
Flavors: r-devel-linux-x86_64-debian-clang, r-devel-linux-x86_64-debian-gcc, r-devel-linux-x86_64-fedora-clang, r-devel-linux-x86_64-fedora-gcc, r-prerel-macos-arm64, r-prerel-windows-x86_64, r-patched-linux-x86_64