CRAN Package Check Results for Package rcorpora

Last updated on 2021-10-19 09:54:24 CEST.

Flavor Version Tinstall Tcheck Ttotal Status Flags
r-devel-linux-x86_64-debian-clang 2.0.0 4.39 24.34 28.73 OK
r-devel-linux-x86_64-debian-gcc 2.0.0 3.97 18.65 22.62 OK
r-devel-linux-x86_64-fedora-clang 2.0.0 45.04 NOTE
r-devel-linux-x86_64-fedora-gcc 2.0.0 34.60 OK
r-devel-windows-x86_64 2.0.0 9.00 33.00 42.00 NOTE
r-devel-windows-x86_64-gcc10-UCRT 2.0.0 OK
r-patched-linux-x86_64 2.0.0 5.16 22.85 28.01 OK
r-patched-solaris-x86 2.0.0 62.50 NOTE
r-release-linux-x86_64 2.0.0 4.06 23.73 27.79 OK
r-release-macos-arm64 2.0.0 NOTE
r-release-macos-x86_64 2.0.0 NOTE
r-release-windows-ix86+x86_64 2.0.0 8.00 42.00 50.00 NOTE
r-oldrel-macos-x86_64 2.0.0 NOTE
r-oldrel-windows-ix86+x86_64 2.0.0 11.00 46.00 57.00 NOTE

Check Details

Version: 2.0.0
Check: installed package size
Result: NOTE
     installed size is 7.8Mb
     sub-directories of 1Mb or more:
     corpora 7.6Mb
Flavors: r-devel-linux-x86_64-fedora-clang, r-devel-windows-x86_64, r-patched-solaris-x86, r-release-macos-arm64, r-release-macos-x86_64, r-release-windows-ix86+x86_64, r-oldrel-macos-x86_64, r-oldrel-windows-ix86+x86_64