CRAN Package Check Results for Package rcompendium

Last updated on 2021-10-19 09:54:24 CEST.

Flavor Version Tinstall Tcheck Ttotal Status Flags
r-devel-linux-x86_64-debian-clang 0.5.1 6.68 46.62 53.30 NOTE
r-devel-linux-x86_64-debian-gcc 0.5.1 5.14 35.88 41.02 NOTE
r-devel-linux-x86_64-fedora-clang 0.5.1 78.77 NOTE
r-devel-linux-x86_64-fedora-gcc 0.5.1 66.23 NOTE
r-devel-windows-x86_64 0.5.1 10.00 57.00 67.00 NOTE
r-devel-windows-x86_64-gcc10-UCRT 0.5.1 NOTE
r-patched-linux-x86_64 0.5.1 7.00 44.27 51.27 NOTE
r-patched-solaris-x86 0.5.1 87.40 NOTE
r-release-linux-x86_64 0.5.1 5.63 44.83 50.46 NOTE
r-release-macos-arm64 0.5.1 NOTE
r-release-macos-x86_64 0.5.1 NOTE
r-release-windows-ix86+x86_64 0.5.1 12.00 65.00 77.00 NOTE
r-oldrel-macos-x86_64 0.5.1 OK
r-oldrel-windows-ix86+x86_64 0.5.1 12.00 68.00 80.00 OK

Check Details

Version: 0.5.1
Check: LazyData
Result: NOTE
     'LazyData' is specified without a 'data' directory
Flavors: r-devel-linux-x86_64-debian-clang, r-devel-linux-x86_64-debian-gcc, r-devel-linux-x86_64-fedora-clang, r-devel-linux-x86_64-fedora-gcc, r-devel-windows-x86_64, r-devel-windows-x86_64-gcc10-UCRT, r-patched-linux-x86_64, r-patched-solaris-x86, r-release-linux-x86_64, r-release-macos-arm64, r-release-macos-x86_64, r-release-windows-ix86+x86_64