CRAN Package Check Results for Package rcmdcheck

Last updated on 2021-09-22 09:52:43 CEST.

Flavor Version Tinstall Tcheck Ttotal Status Flags
r-devel-linux-x86_64-debian-clang 1.3.3 4.10 33.90 38.00 NOTE
r-devel-linux-x86_64-debian-gcc 1.3.3 3.34 26.76 30.10 NOTE
r-devel-linux-x86_64-fedora-clang 1.3.3 55.15 NOTE
r-devel-linux-x86_64-fedora-gcc 1.3.3 44.95 NOTE
r-devel-windows-x86_64 1.3.3 7.00 41.00 48.00 NOTE
r-devel-windows-x86_64-gcc10-UCRT 1.3.3 ERROR
r-patched-linux-x86_64 1.3.3 5.17 32.95 38.12 NOTE
r-patched-solaris-x86 1.3.3 69.10 NOTE
r-release-linux-x86_64 1.3.3 5.10 32.89 37.99 NOTE
r-release-macos-arm64 1.3.3 NOTE
r-release-macos-x86_64 1.3.3 NOTE
r-release-windows-ix86+x86_64 1.3.3 9.00 41.00 50.00 NOTE
r-oldrel-macos-x86_64 1.3.3 OK
r-oldrel-windows-ix86+x86_64 1.3.3 9.00 40.00 49.00 OK

Check Details

Version: 1.3.3
Check: LazyData
Result: NOTE
     'LazyData' is specified without a 'data' directory
Flavors: r-devel-linux-x86_64-debian-clang, r-devel-linux-x86_64-debian-gcc, r-devel-linux-x86_64-fedora-clang, r-devel-linux-x86_64-fedora-gcc, r-devel-windows-x86_64, r-devel-windows-x86_64-gcc10-UCRT, r-patched-linux-x86_64, r-patched-solaris-x86, r-release-linux-x86_64, r-release-macos-arm64, r-release-macos-x86_64, r-release-windows-ix86+x86_64

Version: 1.3.3
Check: Rd cross-references
Result: NOTE
    Undeclared package ‘processx’ in Rd xrefs
Flavor: r-devel-linux-x86_64-fedora-clang

Version: 1.3.3
Check: PDF version of manual
Result: WARN
    LaTeX errors when creating PDF version.
    This typically indicates Rd problems.
Flavor: r-devel-windows-x86_64-gcc10-UCRT

Version: 1.3.3
Check: PDF version of manual without hyperrefs or index
Result: ERROR
    Re-running with no redirection of stdout/stderr.
Flavor: r-devel-windows-x86_64-gcc10-UCRT