CRAN Package Check Results for Package rccmisc

Last updated on 2021-10-20 09:55:19 CEST.

Flavor Version Tinstall Tcheck Ttotal Status Flags
r-devel-linux-x86_64-debian-clang 0.3.7 2.25 26.32 28.57 OK
r-devel-linux-x86_64-debian-gcc 0.3.7 1.96 20.72 22.68 OK
r-devel-linux-x86_64-fedora-clang 0.3.7 48.64 NOTE
r-devel-linux-x86_64-fedora-gcc 0.3.7 36.68 NOTE
r-devel-windows-x86_64 0.3.7 4.00 38.00 42.00 OK
r-devel-windows-x86_64-gcc10-UCRT 0.3.7 NOTE
r-patched-linux-x86_64 0.3.7 2.41 25.67 28.08 OK
r-patched-solaris-x86 0.3.7 56.80 NOTE
r-release-linux-x86_64 0.3.7 2.50 26.02 28.52 OK
r-release-macos-arm64 0.3.7 NOTE
r-release-macos-x86_64 0.3.7 NOTE
r-release-windows-ix86+x86_64 0.3.7 5.00 45.00 50.00 OK
r-oldrel-macos-x86_64 0.3.7 NOTE
r-oldrel-windows-ix86+x86_64 0.3.7 5.00 50.00 55.00 OK

Check Details

Version: 0.3.7
Check: dependencies in R code
Result: NOTE
    Namespace in Imports field not imported from: ‘dplyr’
     All declared Imports should be used.
Flavors: r-devel-linux-x86_64-fedora-clang, r-devel-linux-x86_64-fedora-gcc, r-devel-windows-x86_64-gcc10-UCRT, r-patched-solaris-x86, r-release-macos-arm64, r-release-macos-x86_64, r-oldrel-macos-x86_64