Last updated on 2024-04-22 10:56:34 CEST.
Flavor | Version | Tinstall | Tcheck | Ttotal | Status | Flags |
---|---|---|---|---|---|---|
r-devel-linux-x86_64-debian-clang | 0.1-6 | 6.36 | 46.45 | 52.81 | NOTE | |
r-devel-linux-x86_64-debian-gcc | 0.1-6 | 4.39 | 34.72 | 39.11 | NOTE | |
r-devel-linux-x86_64-fedora-clang | 0.1-6 | 70.69 | NOTE | |||
r-devel-linux-x86_64-fedora-gcc | 0.1-6 | 64.75 | NOTE | |||
r-prerel-macos-arm64 | 0.1-6 | 21.00 | NOTE | |||
r-prerel-windows-x86_64 | 0.1-6 | 9.00 | 69.00 | 78.00 | NOTE | |
r-patched-linux-x86_64 | 0.1-6 | 10.59 | 43.45 | 54.04 | NOTE | |
r-release-linux-x86_64 | 0.1-6 | 5.66 | 43.82 | 49.48 | NOTE | |
r-release-macos-arm64 | 0.1-6 | 24.00 | NOTE | |||
r-release-macos-x86_64 | 0.1-6 | 35.00 | NOTE | |||
r-release-windows-x86_64 | 0.1-6 | 9.00 | 72.00 | 81.00 | NOTE | |
r-oldrel-macos-arm64 | 0.1-6 | 21.00 | NOTE | |||
r-oldrel-windows-x86_64 | 0.1-6 | 11.00 | 64.00 | 75.00 | NOTE |
Version: 0.1-6
Check: Rd files
Result: NOTE
checkRd: (-1) ecoperators-methods.Rd:50: Lost braces in \itemize; meant \describe ?
checkRd: (-1) ecoperators-methods.Rd:51: Lost braces in \itemize; meant \describe ?
checkRd: (-1) ecoperators-methods.Rd:52: Lost braces in \itemize; meant \describe ?
checkRd: (-1) ecoperators-methods.Rd:53: Lost braces in \itemize; meant \describe ?
checkRd: (-1) ecoperators-methods.Rd:54: Lost braces in \itemize; meant \describe ?
Flavors: r-devel-linux-x86_64-debian-clang, r-devel-linux-x86_64-debian-gcc, r-devel-linux-x86_64-fedora-clang, r-devel-linux-x86_64-fedora-gcc, r-prerel-macos-arm64, r-prerel-windows-x86_64, r-patched-linux-x86_64
Version: 0.1-6
Check: LazyData
Result: NOTE
'LazyData' is specified without a 'data' directory
Flavors: r-devel-linux-x86_64-debian-clang, r-devel-linux-x86_64-debian-gcc, r-devel-linux-x86_64-fedora-clang, r-devel-linux-x86_64-fedora-gcc, r-prerel-macos-arm64, r-prerel-windows-x86_64, r-patched-linux-x86_64, r-release-linux-x86_64, r-release-macos-arm64, r-release-macos-x86_64, r-release-windows-x86_64, r-oldrel-macos-arm64, r-oldrel-windows-x86_64
Version: 0.1-6
Check: HTML version of manual
Result: NOTE
Found the following HTML validation problems:
getblock.html:58:1 (getblock.Rd:23): Warning: trimming empty <h3>
getrawtransaction.html:57:1 (getrawtransaction.Rd:22): Warning: trimming empty <h3>
Flavors: r-devel-linux-x86_64-debian-clang, r-devel-linux-x86_64-debian-gcc, r-devel-linux-x86_64-fedora-clang, r-devel-linux-x86_64-fedora-gcc, r-prerel-windows-x86_64, r-patched-linux-x86_64