CRAN Package Check Results for Package rbi.helpers

Last updated on 2021-10-16 09:54:28 CEST.

Flavor Version Tinstall Tcheck Ttotal Status Flags
r-devel-linux-x86_64-debian-clang 0.3.2 10.23 89.61 99.84 OK
r-devel-linux-x86_64-debian-gcc 0.3.2 7.84 67.26 75.10 OK
r-devel-linux-x86_64-fedora-clang 0.3.2 128.12 OK
r-devel-linux-x86_64-fedora-gcc 0.3.2 112.30 OK
r-devel-windows-x86_64 0.3.2 13.00 85.00 98.00 OK
r-devel-windows-x86_64-gcc10-UCRT 0.3.2 OK
r-patched-linux-x86_64 0.3.2 13.11 112.29 125.40 WARN
r-patched-solaris-x86 0.3.2 229.10 OK
r-release-linux-x86_64 0.3.2 8.49 110.10 118.59 WARN
r-release-macos-arm64 0.3.2 OK
r-release-macos-x86_64 0.3.2 OK
r-release-windows-ix86+x86_64 0.3.2 20.00 121.00 141.00 WARN
r-oldrel-macos-x86_64 0.3.2 OK
r-oldrel-windows-ix86+x86_64 0.3.2 21.00 138.00 159.00 WARN

Check Details

Version: 0.3.2
Check: re-building of vignette outputs
Result: WARN
    Error(s) in re-building vignettes:
     ...
    --- re-building ‘introduction.Rmd.rsp’ using rsp
    
    
    processing file: /home/hornik/tmp/R.check/r-patched-gcc/Work/PKGS/rbi.helpers.Rcheck/vign_test/rbi.helpers/vignettes/introduction.Rmd
     ordinary text without R code
    
    label: unnamed-chunk-1 (with options)
    List of 1
     $ echo: logi FALSE
    
     ordinary text without R code
    
    label: unnamed-chunk-2 (with options)
    List of 1
     $ eval: logi FALSE
    
     ordinary text without R code
    
    label: unnamed-chunk-3 (with options)
    List of 1
     $ eval: logi FALSE
    
     ordinary text without R code
    
    label: unnamed-chunk-4 (with options)
    List of 1
     $ eval: logi FALSE
    
     ordinary text without R code
    
    label: unnamed-chunk-5 (with options)
    List of 1
     $ echo: logi FALSE
    
     ordinary text without R code
    
    label: unnamed-chunk-6
     ordinary text without R code
    
    label: unnamed-chunk-7 (with options)
    List of 1
     $ eval: logi FALSE
    
     ordinary text without R code
    
    label: unnamed-chunk-8 (with options)
    List of 2
     $ echo: logi FALSE
     $ eval: logi TRUE
    
     ordinary text without R code
    
    label: unnamed-chunk-9 (with options)
    List of 1
     $ eval: logi TRUE
    
     ordinary text without R code
    
    label: unnamed-chunk-10 (with options)
    List of 1
     $ eval: logi TRUE
    
     ordinary text without R code
    
    label: unnamed-chunk-11 (with options)
    List of 1
     $ eval: logi TRUE
    
     ordinary text without R code
    
    label: unnamed-chunk-12 (with options)
    List of 1
     $ eval: logi TRUE
    
     ordinary text without R code
    
    label: unnamed-chunk-13 (with options)
    List of 1
     $ eval: logi FALSE
    
     ordinary text without R code
    
    label: unnamed-chunk-14 (with options)
    List of 2
     $ echo: logi FALSE
     $ eval: logi TRUE
    
     ordinary text without R code
    
    label: unnamed-chunk-15 (with options)
    List of 1
     $ eval: logi TRUE
    
     ordinary text without R code
    
    label: unnamed-chunk-16 (with options)
    List of 1
     $ eval: logi TRUE
    
     ordinary text without R code
    
    label: unnamed-chunk-17 (with options)
    List of 1
     $ eval: logi FALSE
    
    output file: introduction.md
    
    Error: processing vignette 'introduction.Rmd.rsp' failed with diagnostics:
    there is no package called ‘markdown’
    --- failed re-building ‘introduction.Rmd.rsp’
    
    SUMMARY: processing the following file failed:
     ‘introduction.Rmd.rsp’
    
    Error: Vignette re-building failed.
    Execution halted
Flavor: r-patched-linux-x86_64

Version: 0.3.2
Check: re-building of vignette outputs
Result: WARN
    Error(s) in re-building vignettes:
     ...
    --- re-building ‘introduction.Rmd.rsp’ using rsp
    
    
    processing file: /home/hornik/tmp/R.check/r-release-gcc/Work/PKGS/rbi.helpers.Rcheck/vign_test/rbi.helpers/vignettes/introduction.Rmd
     ordinary text without R code
    
    label: unnamed-chunk-1 (with options)
    List of 1
     $ echo: logi FALSE
    
     ordinary text without R code
    
    label: unnamed-chunk-2 (with options)
    List of 1
     $ eval: logi FALSE
    
     ordinary text without R code
    
    label: unnamed-chunk-3 (with options)
    List of 1
     $ eval: logi FALSE
    
     ordinary text without R code
    
    label: unnamed-chunk-4 (with options)
    List of 1
     $ eval: logi FALSE
    
     ordinary text without R code
    
    label: unnamed-chunk-5 (with options)
    List of 1
     $ echo: logi FALSE
    
     ordinary text without R code
    
    label: unnamed-chunk-6
     ordinary text without R code
    
    label: unnamed-chunk-7 (with options)
    List of 1
     $ eval: logi FALSE
    
     ordinary text without R code
    
    label: unnamed-chunk-8 (with options)
    List of 2
     $ echo: logi FALSE
     $ eval: logi TRUE
    
     ordinary text without R code
    
    label: unnamed-chunk-9 (with options)
    List of 1
     $ eval: logi TRUE
    
     ordinary text without R code
    
    label: unnamed-chunk-10 (with options)
    List of 1
     $ eval: logi TRUE
    
     ordinary text without R code
    
    label: unnamed-chunk-11 (with options)
    List of 1
     $ eval: logi TRUE
    
     ordinary text without R code
    
    label: unnamed-chunk-12 (with options)
    List of 1
     $ eval: logi TRUE
    
     ordinary text without R code
    
    label: unnamed-chunk-13 (with options)
    List of 1
     $ eval: logi FALSE
    
     ordinary text without R code
    
    label: unnamed-chunk-14 (with options)
    List of 2
     $ echo: logi FALSE
     $ eval: logi TRUE
    
     ordinary text without R code
    
    label: unnamed-chunk-15 (with options)
    List of 1
     $ eval: logi TRUE
    
     ordinary text without R code
    
    label: unnamed-chunk-16 (with options)
    List of 1
     $ eval: logi TRUE
    
     ordinary text without R code
    
    label: unnamed-chunk-17 (with options)
    List of 1
     $ eval: logi FALSE
    
    output file: introduction.md
    
    Error: processing vignette 'introduction.Rmd.rsp' failed with diagnostics:
    there is no package called ‘markdown’
    --- failed re-building ‘introduction.Rmd.rsp’
    
    SUMMARY: processing the following file failed:
     ‘introduction.Rmd.rsp’
    
    Error: Vignette re-building failed.
    Execution halted
Flavor: r-release-linux-x86_64

Version: 0.3.2
Check: re-building of vignette outputs
Result: WARN
    Error(s) in re-building vignettes:
    --- re-building 'introduction.Rmd.rsp' using rsp
    Warning in parseRepos(sets = repos, where = where, fallback = fallback, :
     Had to fall back to a set of predefined repositories (please make sure to set your package repositories properly, cf. ?setRepositories): CRAN: '@CRAN@' -> 'https://cran.r-project.org'
    
    
    processing file: d:/RCompile/CRANpkg/local/4.1/rbi.helpers.Rcheck/vign_test/rbi.helpers/vignettes/introduction.Rmd
     ordinary text without R code
    
    label: unnamed-chunk-1 (with options)
    List of 1
     $ echo: logi FALSE
    
     ordinary text without R code
    
    label: unnamed-chunk-2 (with options)
    List of 1
     $ eval: logi FALSE
    
     ordinary text without R code
    
    label: unnamed-chunk-3 (with options)
    List of 1
     $ eval: logi FALSE
    
     ordinary text without R code
    
    label: unnamed-chunk-4 (with options)
    List of 1
     $ eval: logi FALSE
    
     ordinary text without R code
    
    label: unnamed-chunk-5 (with options)
    List of 1
     $ echo: logi FALSE
    
     ordinary text without R code
    
    label: unnamed-chunk-6
     ordinary text without R code
    
    label: unnamed-chunk-7 (with options)
    List of 1
     $ eval: logi FALSE
    
     ordinary text without R code
    
    label: unnamed-chunk-8 (with options)
    List of 2
     $ echo: logi FALSE
     $ eval: logi TRUE
    
     ordinary text without R code
    
    label: unnamed-chunk-9 (with options)
    List of 1
     $ eval: logi TRUE
    
     ordinary text without R code
    
    label: unnamed-chunk-10 (with options)
    List of 1
     $ eval: logi TRUE
    
     ordinary text without R code
    
    label: unnamed-chunk-11 (with options)
    List of 1
     $ eval: logi TRUE
    
     ordinary text without R code
    
    label: unnamed-chunk-12 (with options)
    List of 1
     $ eval: logi TRUE
    
     ordinary text without R code
    
    label: unnamed-chunk-13 (with options)
    List of 1
     $ eval: logi FALSE
    
     ordinary text without R code
    
    label: unnamed-chunk-14 (with options)
    List of 2
     $ echo: logi FALSE
     $ eval: logi TRUE
    
     ordinary text without R code
    
    label: unnamed-chunk-15 (with options)
    List of 1
     $ eval: logi TRUE
    
     ordinary text without R code
    
    label: unnamed-chunk-16 (with options)
    List of 1
     $ eval: logi TRUE
    
     ordinary text without R code
    
    label: unnamed-chunk-17 (with options)
    List of 1
     $ eval: logi FALSE
    
    output file: introduction.md
    
    Error: processing vignette 'introduction.Rmd.rsp' failed with diagnostics:
    there is no package called 'markdown'
    --- failed re-building 'introduction.Rmd.rsp'
    
    SUMMARY: processing the following file failed:
     'introduction.Rmd.rsp'
    
    Error: Vignette re-building failed.
    Execution halted
Flavor: r-release-windows-ix86+x86_64

Version: 0.3.2
Check: re-building of vignette outputs
Result: WARN
    Error(s) in re-building vignettes:
    --- re-building 'introduction.Rmd.rsp' using rsp
    Warning in parseRepos(sets = repos, where = where, fallback = fallback, :
     Had to fall back to a set of predefined repositories (please make sure to set your package repositories properly, cf. ?setRepositories): CRAN: '@CRAN@' -> 'https://cran.r-project.org'
    
    
    processing file: d:/RCompile/CRANpkg/local/4.0/rbi.helpers.Rcheck/vign_test/rbi.helpers/vignettes/introduction.Rmd
     ordinary text without R code
    
    label: unnamed-chunk-1 (with options)
    List of 1
     $ echo: logi FALSE
    
     ordinary text without R code
    
    label: unnamed-chunk-2 (with options)
    List of 1
     $ eval: logi FALSE
    
     ordinary text without R code
    
    label: unnamed-chunk-3 (with options)
    List of 1
     $ eval: logi FALSE
    
     ordinary text without R code
    
    label: unnamed-chunk-4 (with options)
    List of 1
     $ eval: logi FALSE
    
     ordinary text without R code
    
    label: unnamed-chunk-5 (with options)
    List of 1
     $ echo: logi FALSE
    
     ordinary text without R code
    
    label: unnamed-chunk-6
     ordinary text without R code
    
    label: unnamed-chunk-7 (with options)
    List of 1
     $ eval: logi FALSE
    
     ordinary text without R code
    
    label: unnamed-chunk-8 (with options)
    List of 2
     $ echo: logi FALSE
     $ eval: logi TRUE
    
     ordinary text without R code
    
    label: unnamed-chunk-9 (with options)
    List of 1
     $ eval: logi TRUE
    
     ordinary text without R code
    
    label: unnamed-chunk-10 (with options)
    List of 1
     $ eval: logi TRUE
    
     ordinary text without R code
    
    label: unnamed-chunk-11 (with options)
    List of 1
     $ eval: logi TRUE
    
     ordinary text without R code
    
    label: unnamed-chunk-12 (with options)
    List of 1
     $ eval: logi TRUE
    
     ordinary text without R code
    
    label: unnamed-chunk-13 (with options)
    List of 1
     $ eval: logi FALSE
    
     ordinary text without R code
    
    label: unnamed-chunk-14 (with options)
    List of 2
     $ echo: logi FALSE
     $ eval: logi TRUE
    
     ordinary text without R code
    
    label: unnamed-chunk-15 (with options)
    List of 1
     $ eval: logi TRUE
    
     ordinary text without R code
    
    label: unnamed-chunk-16 (with options)
    List of 1
     $ eval: logi TRUE
    
     ordinary text without R code
    
    label: unnamed-chunk-17 (with options)
    List of 1
     $ eval: logi FALSE
    
    output file: introduction.md
    
    Error: processing vignette 'introduction.Rmd.rsp' failed with diagnostics:
    there is no package called 'markdown'
    --- failed re-building 'introduction.Rmd.rsp'
    
    SUMMARY: processing the following file failed:
     'introduction.Rmd.rsp'
    
    Error: Vignette re-building failed.
    Execution halted
Flavor: r-oldrel-windows-ix86+x86_64