Last updated on 2024-04-23 10:54:14 CEST.
Flavor | Version | Tinstall | Tcheck | Ttotal | Status | Flags |
---|---|---|---|---|---|---|
r-devel-linux-x86_64-debian-clang | 1.3.1 | 576.89 | 243.28 | 820.17 | NOTE | |
r-devel-linux-x86_64-debian-gcc | 1.3.1 | 523.29 | 213.47 | 736.76 | NOTE | |
r-devel-linux-x86_64-fedora-clang | 1.3.1 | 1013.22 | NOTE | |||
r-devel-linux-x86_64-fedora-gcc | 1.3.1 | 1334.27 | NOTE | |||
r-prerel-macos-arm64 | 1.3.1 | 245.00 | NOTE | |||
r-prerel-windows-x86_64 | 1.3.1 | 442.00 | 235.00 | 677.00 | NOTE | |
r-patched-linux-x86_64 | 1.3.1 | 467.12 | 274.84 | 741.96 | NOTE | |
r-release-linux-x86_64 | 1.3.1 | 472.06 | 281.77 | 753.83 | NOTE | |
r-release-macos-arm64 | 1.3.1 | 428.00 | NOTE | |||
r-release-macos-x86_64 | 1.3.1 | 583.00 | NOTE | |||
r-release-windows-x86_64 | 1.3.1 | 566.00 | 283.00 | 849.00 | NOTE | |
r-oldrel-macos-arm64 | 1.3.1 | 293.00 | NOTE | |||
r-oldrel-windows-x86_64 | 1.3.1 | 558.00 | 264.00 | 822.00 | NOTE |
Version: 1.3.1
Check: Rd files
Result: NOTE
checkRd: (-1) as_mcmc.list.Rd:5: Lost braces; missing escapes or markup?
5 | \title{Convert a rater_fit object to a {coda} \code{mcmc.list} object.}
| ^
checkRd: (-1) as_mcmc.list.Rd:16: Lost braces; missing escapes or markup?
16 | Convert a rater_fit object to a {coda} \code{mcmc.list} object.
| ^
checkRd: (-1) as_mcmc.list.Rd:13: Lost braces; missing escapes or markup?
13 | A {coda} mcmc.list object.
| ^
Flavors: r-devel-linux-x86_64-debian-clang, r-devel-linux-x86_64-debian-gcc, r-devel-linux-x86_64-fedora-clang, r-devel-linux-x86_64-fedora-gcc, r-prerel-macos-arm64, r-prerel-windows-x86_64, r-patched-linux-x86_64
Version: 1.3.1
Check: for GNU extensions in Makefiles
Result: NOTE
GNU make is a SystemRequirements.
Flavors: r-devel-linux-x86_64-debian-clang, r-devel-linux-x86_64-debian-gcc, r-devel-linux-x86_64-fedora-clang, r-devel-linux-x86_64-fedora-gcc, r-prerel-macos-arm64, r-prerel-windows-x86_64, r-patched-linux-x86_64, r-release-linux-x86_64, r-release-macos-arm64, r-release-macos-x86_64, r-release-windows-x86_64, r-oldrel-macos-arm64, r-oldrel-windows-x86_64
Version: 1.3.1
Check: installed package size
Result: NOTE
installed size is 6.1Mb
sub-directories of 1Mb or more:
libs 5.3Mb
Flavors: r-devel-linux-x86_64-fedora-clang, r-prerel-macos-arm64, r-prerel-windows-x86_64, r-release-macos-arm64, r-release-macos-x86_64, r-release-windows-x86_64, r-oldrel-macos-arm64, r-oldrel-windows-x86_64