CRAN Package Check Results for Package rareNMtests

Last updated on 2021-10-21 09:55:03 CEST.

Flavor Version Tinstall Tcheck Ttotal Status Flags
r-devel-linux-x86_64-debian-clang 1.1 8.76 67.71 76.47 NOTE
r-devel-linux-x86_64-debian-gcc 1.1 7.34 52.42 59.76 NOTE
r-devel-linux-x86_64-fedora-clang 1.1 103.95 NOTE
r-devel-linux-x86_64-fedora-gcc 1.1 92.76 NOTE
r-devel-windows-x86_64 1.1 14.00 72.00 86.00 NOTE
r-devel-windows-x86_64-gcc10-UCRT 1.1 NOTE
r-patched-linux-x86_64 1.1 8.84 65.51 74.35 NOTE
r-patched-solaris-x86 1.1 135.30 NOTE
r-release-linux-x86_64 1.1 8.88 66.17 75.05 NOTE
r-release-macos-arm64 1.1 NOTE
r-release-macos-x86_64 1.1 NOTE
r-release-windows-ix86+x86_64 1.1 13.00 90.00 103.00 NOTE
r-oldrel-macos-x86_64 1.1 NOTE
r-oldrel-windows-ix86+x86_64 1.1 20.00 94.00 114.00 NOTE

Check Details

Version: 1.1
Check: DESCRIPTION meta-information
Result: NOTE
    Malformed Description field: should contain one or more complete sentences.
Flavors: r-devel-linux-x86_64-debian-clang, r-devel-linux-x86_64-debian-gcc, r-devel-linux-x86_64-fedora-clang, r-devel-linux-x86_64-fedora-gcc, r-devel-windows-x86_64, r-devel-windows-x86_64-gcc10-UCRT, r-patched-linux-x86_64, r-patched-solaris-x86, r-release-linux-x86_64, r-release-macos-arm64, r-release-macos-x86_64, r-release-windows-ix86+x86_64, r-oldrel-macos-x86_64, r-oldrel-windows-ix86+x86_64

Version: 1.1
Check: R code for possible problems
Result: NOTE
    BiogTest.individual: no visible global function definition for 'combn'
    BiogTest.individual: no visible global function definition for 'runif'
    BiogTest.individual: no visible global function definition for 'rlnorm'
    BiogTest.individual: no visible global function definition for
     'rnbinom'
    BiogTest.sample: no visible global function definition for 'combn'
    BiogTest.sample: no visible global function definition for 'runif'
    BiogTest.sample: no visible global function definition for 'rlnorm'
    BiogTest.sample: no visible global function definition for 'rnbinom'
    BiogTest.sample: no visible global function definition for 'aggregate'
    EcoTest.individual: no visible global function definition for 'xtabs'
    plot.BiogTest: no visible global function definition for 'quantile'
    plot.BiogTest: no visible global function definition for 'combn'
    plot.EcoTest: no visible global function definition for 'quantile'
    Undefined global functions or variables:
     aggregate combn quantile rlnorm rnbinom runif xtabs
    Consider adding
     importFrom("stats", "aggregate", "quantile", "rlnorm", "rnbinom",
     "runif", "xtabs")
     importFrom("utils", "combn")
    to your NAMESPACE file.
Flavors: r-devel-linux-x86_64-debian-clang, r-devel-linux-x86_64-debian-gcc, r-devel-linux-x86_64-fedora-clang, r-devel-linux-x86_64-fedora-gcc, r-devel-windows-x86_64, r-devel-windows-x86_64-gcc10-UCRT, r-patched-linux-x86_64, r-patched-solaris-x86, r-release-linux-x86_64, r-release-macos-arm64, r-release-macos-x86_64, r-release-windows-ix86+x86_64, r-oldrel-macos-x86_64, r-oldrel-windows-ix86+x86_64