CRAN Package Check Results for Package rangeBuilder

Last updated on 2021-10-20 09:55:19 CEST.

Flavor Version Tinstall Tcheck Ttotal Status Flags
r-devel-linux-x86_64-debian-clang 1.5 51.08 247.11 298.19 OK
r-devel-linux-x86_64-debian-gcc 1.5 39.57 185.00 224.57 OK
r-devel-linux-x86_64-fedora-clang 1.5 379.69 OK
r-devel-linux-x86_64-fedora-gcc 1.5 361.69 OK
r-devel-windows-x86_64 1.5 74.00 237.00 311.00 OK
r-devel-windows-x86_64-gcc10-UCRT 1.5 OK
r-patched-linux-x86_64 1.5 48.39 240.38 288.77 OK
r-patched-solaris-x86 1.5 294.20 OK
r-release-linux-x86_64 1.5 47.63 240.79 288.42 OK
r-release-macos-arm64 1.5 OK
r-release-macos-x86_64 1.5 OK
r-release-windows-ix86+x86_64 1.5 101.00 402.00 503.00 NOTE
r-oldrel-macos-x86_64 1.5 OK
r-oldrel-windows-ix86+x86_64 1.5 80.00 223.00 303.00 NOTE

Check Details

Version: 1.5
Check: installed package size
Result: NOTE
     installed size is 5.3Mb
     sub-directories of 1Mb or more:
     R 2.4Mb
     libs 2.0Mb
Flavors: r-release-windows-ix86+x86_64, r-oldrel-windows-ix86+x86_64