CRAN Package Check Results for Package randquotes

Last updated on 2021-09-22 09:52:42 CEST.

Flavor Version Tinstall Tcheck Ttotal Status Flags
r-devel-linux-x86_64-debian-clang 0.1.1 1.97 24.26 26.23 OK
r-devel-linux-x86_64-debian-gcc 0.1.1 1.66 19.49 21.15 OK
r-devel-linux-x86_64-fedora-clang 0.1.1 41.82 NOTE
r-devel-linux-x86_64-fedora-gcc 0.1.1 31.11 NOTE
r-devel-windows-x86_64 0.1.1 3.00 29.00 32.00 OK
r-devel-windows-x86_64-gcc10-UCRT 0.1.1 ERROR
r-patched-linux-x86_64 0.1.1 1.72 23.84 25.56 OK
r-patched-solaris-x86 0.1.1 50.60 NOTE
r-release-linux-x86_64 0.1.1 1.68 23.88 25.56 OK
r-release-macos-arm64 0.1.1 NOTE
r-release-macos-x86_64 0.1.1 NOTE
r-release-windows-ix86+x86_64 0.1.1 6.00 29.00 35.00 OK
r-oldrel-macos-x86_64 0.1.1 NOTE
r-oldrel-windows-ix86+x86_64 0.1.1 5.00 53.00 58.00 OK

Check Details

Version: 0.1.1
Check: dependencies in R code
Result: NOTE
    Namespaces in Imports field not imported from:
     ‘curl’ ‘jsonlite’
     All declared Imports should be used.
Flavors: r-devel-linux-x86_64-fedora-clang, r-devel-linux-x86_64-fedora-gcc, r-patched-solaris-x86, r-release-macos-arm64, r-release-macos-x86_64, r-oldrel-macos-x86_64

Version: 0.1.1
Check: package dependencies
Result: ERROR
    Package required but not available: 'xml2'
    
    See section 'The DESCRIPTION file' in the 'Writing R Extensions'
    manual.
Flavor: r-devel-windows-x86_64-gcc10-UCRT