CRAN Package Check Results for Package randomForest

Last updated on 2021-09-19 09:50:36 CEST.

Flavor Version Tinstall Tcheck Ttotal Status Flags
r-devel-linux-x86_64-debian-clang 4.6-14 7.49 38.89 46.38 OK
r-devel-linux-x86_64-debian-gcc 4.6-14 5.30 29.77 35.07 OK
r-devel-linux-x86_64-fedora-clang 4.6-14 64.95 OK
r-devel-linux-x86_64-fedora-gcc 4.6-14 54.13 OK
r-devel-windows-x86_64 4.6-14 13.00 59.00 72.00 OK
r-devel-windows-x86_64-gcc10-UCRT 4.6-14 ERROR
r-patched-linux-x86_64 4.6-14 7.84 37.27 45.11 OK
r-patched-solaris-x86 4.6-14 79.10 OK
r-release-linux-x86_64 4.6-14 6.43 37.52 43.95 OK
r-release-macos-arm64 4.6-14 OK
r-release-macos-x86_64 4.6-14 OK
r-release-windows-ix86+x86_64 4.6-14 23.00 54.00 77.00 OK
r-oldrel-macos-x86_64 4.6-14 OK
r-oldrel-windows-ix86+x86_64 4.6-14 20.00 56.00 76.00 OK

Check Details

Version: 4.6-14
Check: whether package can be installed
Result: ERROR
    Installation failed.
Flavor: r-devel-windows-x86_64-gcc10-UCRT