Last updated on 2024-04-18 10:49:59 CEST.
Flavor | Version | Tinstall | Tcheck | Ttotal | Status | Flags |
---|---|---|---|---|---|---|
r-devel-linux-x86_64-debian-clang | 1.3.0 | 211.46 | 33.00 | 244.46 | OK | |
r-devel-linux-x86_64-debian-gcc | 1.3.0 | 236.28 | 25.47 | 261.75 | OK | |
r-devel-linux-x86_64-fedora-clang | 1.3.0 | 306.79 | OK | |||
r-devel-linux-x86_64-fedora-gcc | 1.3.0 | 471.68 | OK | |||
r-prerel-macos-arm64 | 1.3.0 | 88.00 | NOTE | |||
r-prerel-macos-x86_64 | 1.3.0 | 138.00 | NOTE | |||
r-prerel-windows-x86_64 | 1.3.0 | 207.00 | 87.00 | 294.00 | NOTE | |
r-patched-linux-x86_64 | 1.3.0 | 272.20 | 31.85 | 304.05 | OK | |
r-release-linux-x86_64 | 1.3.0 | 272.07 | 31.18 | 303.25 | OK | |
r-release-macos-arm64 | 1.3.0 | 97.00 | NOTE | |||
r-release-macos-x86_64 | 1.3.0 | 128.00 | NOTE | |||
r-release-windows-x86_64 | 1.3.0 | 248.00 | 100.00 | 348.00 | NOTE | |
r-oldrel-macos-arm64 | 1.3.0 | 97.00 | NOTE | |||
r-oldrel-windows-x86_64 | 1.3.0 | 222.00 | 88.00 | 310.00 | OK |
Version: 1.3.0
Check: installed package size
Result: NOTE
installed size is 43.1Mb
sub-directories of 1Mb or more:
libs 42.9Mb
Flavors: r-prerel-macos-arm64, r-prerel-macos-x86_64, r-prerel-windows-x86_64, r-release-macos-arm64, r-release-macos-x86_64, r-release-windows-x86_64, r-oldrel-macos-arm64