Last updated on 2024-03-28 10:49:45 CET.
Flavor | Version | Tinstall | Tcheck | Ttotal | Status | Flags |
---|---|---|---|---|---|---|
r-devel-linux-x86_64-debian-clang | 0.2.0 | 4.11 | 40.80 | 44.91 | OK | |
r-devel-linux-x86_64-debian-gcc | 0.2.0 | 2.70 | 32.70 | 35.40 | OK | |
r-devel-linux-x86_64-fedora-clang | 0.2.0 | 58.61 | NOTE | |||
r-devel-linux-x86_64-fedora-gcc | 0.2.0 | 54.31 | NOTE | |||
r-devel-windows-x86_64 | 0.2.0 | 4.00 | 57.00 | 61.00 | OK | |
r-patched-linux-x86_64 | 0.2.0 | 2.44 | 40.15 | 42.59 | OK | |
r-release-linux-x86_64 | 0.2.0 | 2.37 | 40.04 | 42.41 | OK | |
r-release-macos-arm64 | 0.2.0 | 23.00 | OK | |||
r-release-macos-x86_64 | 0.2.0 | 34.00 | OK | |||
r-release-windows-x86_64 | 0.2.0 | 5.00 | 59.00 | 64.00 | OK | |
r-oldrel-macos-arm64 | 0.2.0 | 20.00 | NOTE | |||
r-oldrel-windows-x86_64 | 0.2.0 | 5.00 | 63.00 | 68.00 | OK |
Version: 0.2.0
Check: data for non-ASCII characters
Result: NOTE
Note: found 3 marked UTF-8 strings
Flavors: r-devel-linux-x86_64-fedora-clang, r-devel-linux-x86_64-fedora-gcc, r-oldrel-macos-arm64