CRAN Package Check Results for Package radiant.model

Last updated on 2021-07-25 09:50:30 CEST.

Flavor Version Tinstall Tcheck Ttotal Status Flags
r-devel-linux-x86_64-debian-clang 1.4.0 25.89 226.49 252.38 OK
r-devel-linux-x86_64-debian-gcc 1.4.0 20.46 181.17 201.63 OK
r-devel-linux-x86_64-fedora-clang 1.4.0 301.05 NOTE
r-devel-linux-x86_64-fedora-gcc 1.4.0 295.71 OK
r-devel-windows-x86_64 1.4.0 31.00 196.00 227.00 OK
r-devel-windows-x86_64-gcc10-UCRT 1.4.0 OK
r-patched-linux-x86_64 1.4.0 31.52 209.60 241.12 OK
r-patched-solaris-x86 1.4.0 407.10 OK
r-release-linux-x86_64 1.4.0 25.44 216.49 241.93 OK
r-release-macos-arm64 1.4.0 OK
r-release-macos-x86_64 1.4.0 OK
r-release-windows-ix86+x86_64 1.4.0 55.00 271.00 326.00 OK
r-oldrel-macos-x86_64 1.4.0 OK
r-oldrel-windows-ix86+x86_64 1.4.0 55.00 258.00 313.00 OK

Check Details

Version: 1.4.0
Check: package dependencies
Result: NOTE
    Imports includes 26 non-default packages.
    Importing from so many packages makes the package vulnerable to any of
    them becoming unavailable. Move as many as possible to Suggests and
    use conditionally.
Flavor: r-devel-linux-x86_64-fedora-clang