CRAN Package Check Results for Package rSQM

Last updated on 2021-07-27 09:53:36 CEST.

Flavor Version Tinstall Tcheck Ttotal Status Flags
r-devel-linux-x86_64-debian-clang 1.3.14 10.49 93.21 103.70 NOTE
r-devel-linux-x86_64-debian-gcc 1.3.14 9.42 68.98 78.40 NOTE
r-devel-linux-x86_64-fedora-clang 1.3.14 135.26 NOTE
r-devel-linux-x86_64-fedora-gcc 1.3.14 120.26 NOTE
r-devel-windows-x86_64 1.3.14 19.00 123.00 142.00 NOTE
r-devel-windows-x86_64-gcc10-UCRT 1.3.14 NOTE
r-patched-linux-x86_64 1.3.14 11.02 86.46 97.48 NOTE
r-patched-solaris-x86 1.3.14 174.20 NOTE
r-release-linux-x86_64 1.3.14 11.88 87.54 99.42 NOTE
r-release-macos-arm64 1.3.14 NOTE
r-release-macos-x86_64 1.3.14 NOTE
r-release-windows-ix86+x86_64 1.3.14 26.00 91.00 117.00 NOTE
r-oldrel-macos-x86_64 1.3.14 OK
r-oldrel-windows-ix86+x86_64 1.3.14 22.00 122.00 144.00 OK

Check Details

Version: 1.3.14
Check: LazyData
Result: NOTE
     'LazyData' is specified without a 'data' directory
Flavors: r-devel-linux-x86_64-debian-clang, r-devel-linux-x86_64-debian-gcc, r-devel-linux-x86_64-fedora-clang, r-devel-linux-x86_64-fedora-gcc, r-devel-windows-x86_64, r-devel-windows-x86_64-gcc10-UCRT, r-patched-linux-x86_64, r-patched-solaris-x86, r-release-linux-x86_64, r-release-macos-arm64, r-release-macos-x86_64, r-release-windows-ix86+x86_64

Version: 1.3.14
Check: for non-standard things in the check directory
Result: NOTE
    Found the following files/directories:
     'Database' 'rSQM.yaml' 'rSQM_Sample_Project' 'sample_script.R'
Flavors: r-devel-linux-x86_64-debian-clang, r-devel-linux-x86_64-debian-gcc, r-devel-linux-x86_64-fedora-clang, r-devel-linux-x86_64-fedora-gcc, r-patched-linux-x86_64, r-patched-solaris-x86, r-release-linux-x86_64