CRAN Package Check Results for Package rPref

Last updated on 2021-07-29 10:53:16 CEST.

Flavor Version Tinstall Tcheck Ttotal Status Flags
r-devel-linux-x86_64-debian-clang 1.3 NOTE
r-devel-linux-x86_64-debian-gcc 1.3 52.25 55.15 107.40 NOTE
r-devel-linux-x86_64-fedora-clang 1.3 216.71 NOTE
r-devel-linux-x86_64-fedora-gcc 1.3 201.19 NOTE
r-devel-windows-x86_64 1.3 75.00 106.00 181.00 NOTE
r-devel-windows-x86_64-gcc10-UCRT 1.3 NOTE
r-patched-linux-x86_64 1.3 67.15 67.07 134.22 NOTE
r-patched-solaris-x86 1.3 218.40 NOTE
r-release-linux-x86_64 1.3 60.13 66.48 126.61 NOTE
r-release-macos-arm64 1.3 WARN
r-release-macos-x86_64 1.3 NOTE
r-release-windows-ix86+x86_64 1.3 184.00 133.00 317.00 NOTE
r-oldrel-macos-x86_64 1.3 NOTE
r-oldrel-windows-ix86+x86_64 1.3 136.00 134.00 270.00 NOTE

Check Details

Version: 1.3
Check: LazyData
Result: NOTE
     'LazyData' is specified without a 'data' directory
Flavors: r-devel-linux-x86_64-debian-clang, r-devel-linux-x86_64-debian-gcc, r-devel-linux-x86_64-fedora-clang, r-devel-linux-x86_64-fedora-gcc, r-devel-windows-x86_64, r-devel-windows-x86_64-gcc10-UCRT, r-patched-linux-x86_64, r-patched-solaris-x86, r-release-linux-x86_64, r-release-macos-arm64, r-release-macos-x86_64, r-release-windows-ix86+x86_64

Version: 1.3
Check: for GNU extensions in Makefiles
Result: NOTE
    GNU make is a SystemRequirements.
Flavors: r-devel-linux-x86_64-debian-clang, r-devel-linux-x86_64-debian-gcc, r-devel-linux-x86_64-fedora-clang, r-devel-linux-x86_64-fedora-gcc, r-devel-windows-x86_64, r-devel-windows-x86_64-gcc10-UCRT, r-patched-linux-x86_64, r-patched-solaris-x86, r-release-linux-x86_64, r-release-macos-arm64, r-release-macos-x86_64, r-release-windows-ix86+x86_64, r-oldrel-macos-x86_64, r-oldrel-windows-ix86+x86_64

Version: 1.3
Check: re-building of vignette outputs
Result: WARN
    Error(s) in re-building vignettes:
     ...
    --- re-building ‘introduction.Rmd’ using rmarkdown
    Warning in engine$weave(file, quiet = quiet, encoding = enc) :
     Pandoc (>= 1.12.3) not available. Falling back to R Markdown v1.
    --- finished re-building ‘introduction.Rmd’
    
    --- re-building ‘visualization.Rmd’ using rmarkdown
    Warning in engine$weave(file, quiet = quiet, encoding = enc) :
     Pandoc (>= 1.12.3) not available. Falling back to R Markdown v1.
    Quitting from lines 29-33 (visualization.Rmd)
    Error: processing vignette 'visualization.Rmd' failed with diagnostics:
    polygon edge not found
    --- failed re-building ‘visualization.Rmd’
    
    SUMMARY: processing the following file failed:
     ‘visualization.Rmd’
    
    Error: Vignette re-building failed.
    Execution halted
Flavor: r-release-macos-arm64