Last updated on 2024-04-23 10:54:15 CEST.
Flavor | Version | Tinstall | Tcheck | Ttotal | Status | Flags |
---|---|---|---|---|---|---|
r-devel-linux-x86_64-debian-clang | 0.2.2 | 6.13 | 60.58 | 66.71 | NOTE | |
r-devel-linux-x86_64-debian-gcc | 0.2.2 | 5.62 | 45.98 | 51.60 | NOTE | |
r-devel-linux-x86_64-fedora-clang | 0.2.2 | 87.61 | NOTE | |||
r-devel-linux-x86_64-fedora-gcc | 0.2.2 | 93.17 | NOTE | |||
r-prerel-macos-arm64 | 0.2.2 | 35.00 | NOTE | |||
r-prerel-windows-x86_64 | 0.2.2 | 8.00 | 65.00 | 73.00 | NOTE | |
r-patched-linux-x86_64 | 0.2.2 | 5.39 | 58.84 | 64.23 | NOTE | |
r-release-linux-x86_64 | 0.2.2 | 4.35 | 56.40 | 60.75 | NOTE | |
r-release-macos-arm64 | 0.2.2 | 33.00 | NOTE | |||
r-release-macos-x86_64 | 0.2.2 | 52.00 | NOTE | |||
r-release-windows-x86_64 | 0.2.2 | 9.00 | 70.00 | 79.00 | NOTE | |
r-oldrel-macos-arm64 | 0.2.2 | 31.00 | NOTE | |||
r-oldrel-windows-x86_64 | 0.2.2 | 11.00 | 76.00 | 87.00 | NOTE |
Version: 0.2.2
Check: LazyData
Result: NOTE
'LazyData' is specified without a 'data' directory
Flavors: r-devel-linux-x86_64-debian-clang, r-devel-linux-x86_64-debian-gcc, r-devel-linux-x86_64-fedora-clang, r-devel-linux-x86_64-fedora-gcc, r-prerel-macos-arm64, r-prerel-windows-x86_64, r-patched-linux-x86_64, r-release-linux-x86_64, r-release-macos-arm64, r-release-macos-x86_64, r-release-windows-x86_64, r-oldrel-macos-arm64, r-oldrel-windows-x86_64