CRAN Package Check Results for Package rKIN

Last updated on 2021-08-04 09:55:07 CEST.

Flavor Version Tinstall Tcheck Ttotal Status Flags
r-devel-linux-x86_64-debian-clang 0.1 6.76 71.99 78.75 NOTE
r-devel-linux-x86_64-debian-gcc 0.1 4.90 53.97 58.87 NOTE
r-devel-linux-x86_64-fedora-clang 0.1 98.99 OK
r-devel-linux-x86_64-fedora-gcc 0.1 89.26 OK
r-devel-windows-x86_64 0.1 11.00 141.00 152.00 NOTE
r-devel-windows-x86_64-gcc10-UCRT 0.1 OK
r-patched-linux-x86_64 0.1 4.88 66.77 71.65 NOTE
r-patched-solaris-x86 0.1 136.50 OK
r-release-linux-x86_64 0.1 6.67 66.81 73.48 NOTE
r-release-macos-arm64 0.1 OK
r-release-macos-x86_64 0.1 OK
r-release-windows-ix86+x86_64 0.1 27.00 161.00 188.00 NOTE
r-oldrel-macos-x86_64 0.1 OK
r-oldrel-windows-ix86+x86_64 0.1 20.00 136.00 156.00 NOTE

Check Details

Version: 0.1
Check: package vignettes
Result: NOTE
    Package vignette with placeholder title 'Vignette Title':
     'rKIN_Introduction.Rmd'
Flavors: r-devel-linux-x86_64-debian-clang, r-devel-linux-x86_64-debian-gcc, r-devel-windows-x86_64, r-patched-linux-x86_64, r-release-linux-x86_64, r-release-windows-ix86+x86_64, r-oldrel-windows-ix86+x86_64