CRAN Package Check Results for Package rEMM

Last updated on 2021-10-21 09:55:04 CEST.

Flavor Version Tinstall Tcheck Ttotal Status Flags
r-devel-linux-x86_64-debian-clang 1.0-11 6.19 94.69 100.88 OK
r-devel-linux-x86_64-debian-gcc 1.0-11 4.90 73.88 78.78 OK
r-devel-linux-x86_64-fedora-clang 1.0-11 134.30 NOTE
r-devel-linux-x86_64-fedora-gcc 1.0-11 123.63 NOTE
r-devel-windows-x86_64 1.0-11 11.00 147.00 158.00 OK
r-devel-windows-x86_64-gcc10-UCRT 1.0-11 ERROR
r-patched-linux-x86_64 1.0-11 7.23 68.55 75.78 OK
r-patched-solaris-x86 1.0-11 134.80 OK
r-release-linux-x86_64 1.0-11 5.55 68.46 74.01 OK
r-release-macos-arm64 1.0-11 OK
r-release-macos-x86_64 1.0-11 OK
r-release-windows-ix86+x86_64 1.0-11 9.00 135.00 144.00 OK
r-oldrel-macos-x86_64 1.0-11 OK
r-oldrel-windows-ix86+x86_64 1.0-11 15.00 130.00 145.00 OK

Check Details

Version: 1.0-11
Check: compiled code
Result: NOTE
    File ‘rEMM/libs/rEMM.so’:
     Found no calls to: ‘R_registerRoutines’, ‘R_useDynamicSymbols’
    
    It is good practice to register native routines and to disable symbol
    search.
    
    See ‘Writing portable packages’ in the ‘Writing R Extensions’ manual.
Flavors: r-devel-linux-x86_64-fedora-clang, r-devel-linux-x86_64-fedora-gcc

Version: 1.0-11
Check: package dependencies
Result: ERROR
    Package required but not available: 'igraph'
    
    See section 'The DESCRIPTION file' in the 'Writing R Extensions'
    manual.
Flavor: r-devel-windows-x86_64-gcc10-UCRT