CRAN Package Check Results for Package rDEA

Last updated on 2021-10-18 09:54:55 CEST.

Flavor Version Tinstall Tcheck Ttotal Status Flags
r-devel-linux-x86_64-debian-clang 1.2-6 5.55 57.97 63.52 OK
r-devel-linux-x86_64-debian-gcc 1.2-6 4.17 43.30 47.47 OK
r-devel-linux-x86_64-fedora-clang 1.2-6 84.42 NOTE
r-devel-linux-x86_64-fedora-gcc 1.2-6 74.76 OK
r-devel-windows-x86_64 1.2-6 10.00 73.00 83.00 OK
r-devel-windows-x86_64-gcc10-UCRT 1.2-6 OK
r-patched-linux-x86_64 1.2-6 5.23 55.33 60.56 OK
r-patched-solaris-x86 1.2-6 108.20 OK
r-release-linux-x86_64 1.2-6 4.54 55.13 59.67 OK
r-release-macos-arm64 1.2-6 OK
r-release-macos-x86_64 1.2-6 OK
r-release-windows-ix86+x86_64 1.2-6 11.00 118.00 129.00 OK
r-oldrel-macos-x86_64 1.2-6 OK
r-oldrel-windows-ix86+x86_64 1.2-6 14.00 117.00 131.00 OK

Check Details

Version: 1.2-6
Check: Rd cross-references
Result: NOTE
    Undeclared package ‘Rglpk’ in Rd xrefs
Flavor: r-devel-linux-x86_64-fedora-clang