CRAN Package Check Results for Package rCAT

Last updated on 2021-10-25 09:55:31 CEST.

Flavor Version Tinstall Tcheck Ttotal Status Flags
r-devel-linux-x86_64-debian-clang 0.1.6 4.21 40.30 44.51 NOTE
r-devel-linux-x86_64-debian-gcc 0.1.6 2.93 31.80 34.73 NOTE
r-devel-linux-x86_64-fedora-clang 0.1.6 66.55 NOTE
r-devel-linux-x86_64-fedora-gcc 0.1.6 56.02 NOTE
r-devel-windows-x86_64 0.1.6 6.00 53.00 59.00 NOTE
r-devel-windows-x86_64-gcc10-UCRT 0.1.6 NOTE
r-patched-linux-x86_64 0.1.6 4.15 38.89 43.04 NOTE
r-patched-solaris-x86 0.1.6 86.60 NOTE
r-release-linux-x86_64 0.1.6 3.68 39.12 42.80 NOTE
r-release-macos-arm64 0.1.6 NOTE
r-release-macos-x86_64 0.1.6 NOTE
r-release-windows-ix86+x86_64 0.1.6 7.00 62.00 69.00 NOTE
r-oldrel-macos-x86_64 0.1.6 OK
r-oldrel-windows-ix86+x86_64 0.1.6 10.00 61.00 71.00 OK

Check Details

Version: 0.1.6
Check: LazyData
Result: NOTE
     'LazyData' is specified without a 'data' directory
Flavors: r-devel-linux-x86_64-debian-clang, r-devel-linux-x86_64-debian-gcc, r-devel-linux-x86_64-fedora-clang, r-devel-linux-x86_64-fedora-gcc, r-devel-windows-x86_64, r-devel-windows-x86_64-gcc10-UCRT, r-patched-linux-x86_64, r-patched-solaris-x86, r-release-linux-x86_64, r-release-macos-arm64, r-release-macos-x86_64, r-release-windows-ix86+x86_64