Last updated on 2024-03-28 10:49:45 CET.
Flavor | Version | Tinstall | Tcheck | Ttotal | Status | Flags |
---|---|---|---|---|---|---|
r-devel-linux-x86_64-debian-clang | 1.2.0 | 2.81 | 30.29 | 33.10 | NOTE | |
r-devel-linux-x86_64-debian-gcc | 1.2.0 | 2.31 | 23.23 | 25.54 | NOTE | |
r-devel-linux-x86_64-fedora-clang | 1.2.0 | 43.31 | NOTE | |||
r-devel-linux-x86_64-fedora-gcc | 1.2.0 | 39.67 | NOTE | |||
r-devel-windows-x86_64 | 1.2.0 | 3.00 | 44.00 | 47.00 | NOTE | |
r-patched-linux-x86_64 | 1.2.0 | 5.49 | 29.53 | 35.02 | NOTE | |
r-release-linux-x86_64 | 1.2.0 | 3.02 | 29.63 | 32.65 | OK | |
r-release-macos-arm64 | 1.2.0 | 19.00 | OK | |||
r-release-macos-x86_64 | 1.2.0 | 26.00 | OK | |||
r-release-windows-x86_64 | 1.2.0 | 4.00 | 45.00 | 49.00 | OK | |
r-oldrel-macos-arm64 | 1.2.0 | 22.00 | OK | |||
r-oldrel-windows-x86_64 | 1.2.0 | 4.00 | 55.00 | 59.00 | OK |
Version: 1.2.0
Check: Rd \usage sections
Result: NOTE
Documented arguments not in \usage in Rd file 'Min_Max_Inverse_Scale_Vec.Rd':
‘mat’
Functions with \usage entries need to have the appropriate \alias
entries, and all their arguments documented.
The \usage entries must correspond to syntactically valid R code.
See chapter ‘Writing R documentation files’ in the ‘Writing R
Extensions’ manual.
Flavors: r-devel-linux-x86_64-debian-clang, r-devel-linux-x86_64-debian-gcc, r-devel-linux-x86_64-fedora-clang, r-devel-linux-x86_64-fedora-gcc, r-devel-windows-x86_64, r-patched-linux-x86_64