CRAN Package Check Results for Package rARPACK

Last updated on 2021-09-23 10:53:41 CEST.

Flavor Version Tinstall Tcheck Ttotal Status Flags
r-devel-linux-x86_64-debian-clang 0.11-0 7.66 61.32 68.98 OK
r-devel-linux-x86_64-debian-gcc 0.11-0 6.10 46.59 52.69 OK
r-devel-linux-x86_64-fedora-clang 0.11-0 88.71 OK
r-devel-linux-x86_64-fedora-gcc 0.11-0 79.91 OK
r-devel-windows-x86_64 0.11-0 8.00 58.00 66.00 OK
r-devel-windows-x86_64-gcc10-UCRT 0.11-0 ERROR
r-patched-linux-x86_64 0.11-0 7.43 58.49 65.92 OK
r-patched-solaris-x86 0.11-0 117.70 OK
r-release-linux-x86_64 0.11-0 7.21 58.55 65.76 OK
r-release-macos-arm64 0.11-0 OK
r-release-macos-x86_64 0.11-0 OK
r-release-windows-ix86+x86_64 0.11-0 16.00 61.00 77.00 OK
r-oldrel-macos-x86_64 0.11-0 OK
r-oldrel-windows-ix86+x86_64 0.11-0 12.00 59.00 71.00 OK

Check Details

Version: 0.11-0
Check: PDF version of manual
Result: WARN
    LaTeX errors when creating PDF version.
    This typically indicates Rd problems.
Flavor: r-devel-windows-x86_64-gcc10-UCRT

Version: 0.11-0
Check: PDF version of manual without hyperrefs or index
Result: ERROR
    Re-running with no redirection of stdout/stderr.
Flavor: r-devel-windows-x86_64-gcc10-UCRT