CRAN Package Check Results for Package r5r

Last updated on 2021-09-22 09:52:42 CEST.

Flavor Version Tinstall Tcheck Ttotal Status Flags
r-devel-linux-x86_64-debian-clang 0.5.0 6.26 86.19 92.45 OK
r-devel-linux-x86_64-debian-gcc 0.5.0 4.28 64.96 69.24 OK
r-devel-linux-x86_64-fedora-clang 0.5.0 120.71 OK
r-devel-linux-x86_64-fedora-gcc 0.5.0 108.79 OK
r-devel-windows-x86_64 0.5.0 7.00 93.00 100.00 OK
r-devel-windows-x86_64-gcc10-UCRT 0.5.0 ERROR
r-patched-linux-x86_64 0.5.0 5.93 83.16 89.09 OK
r-release-linux-x86_64 0.5.0 4.77 82.99 87.76 OK
r-release-macos-arm64 0.5.0 OK
r-release-macos-x86_64 0.5.0 OK
r-release-windows-ix86+x86_64 0.5.0 18.00 88.00 106.00 OK
r-oldrel-macos-x86_64 0.5.0 OK
r-oldrel-windows-ix86+x86_64 0.5.0 12.00 85.00 97.00 OK

Check Details

Version: 0.5.0
Check: package dependencies
Result: ERROR
    Package required but not available: 'sf'
    
    Packages suggested but not available for checking: 'mapview', 'rgdal'
    
    See section 'The DESCRIPTION file' in the 'Writing R Extensions'
    manual.
Flavor: r-devel-windows-x86_64-gcc10-UCRT