Last updated on 2024-04-23 10:54:13 CEST.
Flavor | Version | Tinstall | Tcheck | Ttotal | Status | Flags |
---|---|---|---|---|---|---|
r-devel-linux-x86_64-debian-clang | 6.5.0-4 | 75.30 | 200.88 | 276.18 | OK | |
r-devel-linux-x86_64-debian-gcc | 6.5.0-4 | 63.41 | 132.68 | 196.09 | OK | |
r-devel-linux-x86_64-fedora-clang | 6.5.0-4 | 358.39 | OK | |||
r-devel-linux-x86_64-fedora-gcc | 6.5.0-4 | 365.38 | OK | |||
r-prerel-macos-arm64 | 6.5.0-4 | 70.00 | NOTE | |||
r-prerel-windows-x86_64 | 6.5.0-4 | 69.00 | 181.00 | 250.00 | OK | |
r-patched-linux-x86_64 | 6.5.0-4 | 77.32 | 193.25 | 270.57 | OK | |
r-release-linux-x86_64 | 6.5.0-4 | 80.16 | 189.28 | 269.44 | OK | |
r-release-macos-arm64 | 6.5.0-4 | 85.00 | NOTE | |||
r-release-macos-x86_64 | 6.5.0-4 | 184.00 | NOTE | |||
r-release-windows-x86_64 | 6.5.0-4 | 87.00 | 213.00 | 300.00 | OK | |
r-oldrel-macos-arm64 | 6.5.0-4 | 74.00 | NOTE | |||
r-oldrel-windows-x86_64 | 6.5.0-4 | 81.00 | 200.00 | 281.00 | OK |
Version: 6.5.0-4
Check: installed package size
Result: NOTE
installed size is 7.5Mb
sub-directories of 1Mb or more:
libs 4.7Mb
Flavors: r-prerel-macos-arm64, r-release-macos-arm64, r-release-macos-x86_64, r-oldrel-macos-arm64