CRAN Package Check Results for Package r2sundials

Last updated on 2021-10-25 09:55:31 CEST.

Flavor Version Tinstall Tcheck Ttotal Status Flags
r-devel-linux-x86_64-debian-clang 5.0.0-10 61.00 166.63 227.63 OK
r-devel-linux-x86_64-debian-gcc 5.0.0-10 47.89 113.34 161.23 OK
r-devel-linux-x86_64-fedora-clang 5.0.0-10 334.00 NOTE
r-devel-linux-x86_64-fedora-gcc 5.0.0-10 300.60 OK
r-devel-windows-x86_64 5.0.0-10 89.00 168.00 257.00 OK
r-devel-windows-x86_64-gcc10-UCRT 5.0.0-10 OK
r-patched-linux-x86_64 5.0.0-10 57.99 155.94 213.93 OK
r-patched-solaris-x86 5.0.0-10 247.70 OK
r-release-linux-x86_64 5.0.0-10 60.55 152.12 212.67 OK
r-release-macos-arm64 5.0.0-10 NOTE
r-release-macos-x86_64 5.0.0-10 NOTE
r-release-windows-ix86+x86_64 5.0.0-10 125.00 375.00 500.00 OK
r-oldrel-macos-x86_64 5.0.0-10 NOTE
r-oldrel-windows-ix86+x86_64 5.0.0-10 179.00 380.00 559.00 OK

Check Details

Version: 5.0.0-10
Check: installed package size
Result: NOTE
     installed size is 6.3Mb
     sub-directories of 1Mb or more:
     libs 3.9Mb
Flavors: r-devel-linux-x86_64-fedora-clang, r-release-macos-arm64, r-release-macos-x86_64, r-oldrel-macos-x86_64