CRAN Package Check Results for Package questionr

Last updated on 2021-07-25 09:50:30 CEST.

Flavor Version Tinstall Tcheck Ttotal Status Flags
r-devel-linux-x86_64-debian-clang 0.7.4 9.12 83.31 92.43 OK
r-devel-linux-x86_64-debian-gcc 0.7.4 7.47 62.80 70.27 OK
r-devel-linux-x86_64-fedora-clang 0.7.4 117.81 NOTE
r-devel-linux-x86_64-fedora-gcc 0.7.4 110.58 NOTE
r-devel-windows-x86_64 0.7.4 11.00 92.00 103.00 OK
r-devel-windows-x86_64-gcc10-UCRT 0.7.4 NOTE
r-patched-linux-x86_64 0.7.4 9.97 77.66 87.63 OK
r-patched-solaris-x86 0.7.4 150.70 NOTE
r-release-linux-x86_64 0.7.4 9.12 77.85 86.97 OK
r-release-macos-arm64 0.7.4 NOTE
r-release-macos-x86_64 0.7.4 NOTE
r-release-windows-ix86+x86_64 0.7.4 19.00 112.00 131.00 OK
r-oldrel-macos-x86_64 0.7.4 NOTE
r-oldrel-windows-ix86+x86_64 0.7.4 21.00 107.00 128.00 OK

Check Details

Version: 0.7.4
Check: data for non-ASCII characters
Result: NOTE
     Note: found 4145 marked UTF-8 strings
Flavors: r-devel-linux-x86_64-fedora-clang, r-devel-linux-x86_64-fedora-gcc, r-devel-windows-x86_64-gcc10-UCRT, r-patched-solaris-x86, r-release-macos-arm64, r-release-macos-x86_64, r-oldrel-macos-x86_64