Last updated on 2024-04-17 08:57:41 CEST.
Flavor | Version | Tinstall | Tcheck | Ttotal | Status | Flags |
---|---|---|---|---|---|---|
r-devel-linux-x86_64-debian-clang | 0.4.26 | 15.35 | 106.47 | 121.82 | NOTE | |
r-devel-linux-x86_64-debian-gcc | 0.4.26 | 15.19 | 74.66 | 89.85 | NOTE | |
r-devel-linux-x86_64-fedora-clang | 0.4.26 | 153.73 | OK | |||
r-devel-linux-x86_64-fedora-gcc | 0.4.26 | 143.61 | OK | |||
r-prerel-macos-arm64 | 0.4.26 | 40.00 | OK | |||
r-prerel-macos-x86_64 | 0.4.26 | 85.00 | OK | |||
r-prerel-windows-x86_64 | 0.4.26 | 17.00 | 96.00 | 113.00 | OK | |
r-patched-linux-x86_64 | 0.4.26 | 21.93 | 98.44 | 120.37 | NOTE | |
r-release-linux-x86_64 | 0.4.26 | 19.22 | 101.41 | 120.63 | NOTE | |
r-release-macos-arm64 | 0.4.26 | 43.00 | OK | |||
r-release-macos-x86_64 | 0.4.26 | 86.00 | OK | |||
r-release-windows-x86_64 | 0.4.26 | 22.00 | 110.00 | 132.00 | OK | |
r-oldrel-macos-arm64 | 0.4.26 | 43.00 | OK | |||
r-oldrel-windows-x86_64 | 0.4.26 | 25.00 | 119.00 | 144.00 | OK |
Version: 0.4.26
Check: R code for possible problems
Result: NOTE
Found the following calls to attach():
File ‘quantmod/R/attachSymbols.R’:
attach(NULL, pos = pos, name = DB$name)
attach(NULL, pos = pos, name = DB$name)
See section ‘Good practice’ in ‘?attach’.
Flavors: r-devel-linux-x86_64-debian-clang, r-devel-linux-x86_64-debian-gcc, r-patched-linux-x86_64, r-release-linux-x86_64