CRAN Package Check Results for Package quadprog

Last updated on 2021-09-19 09:50:35 CEST.

Flavor Version Tinstall Tcheck Ttotal Status Flags
r-devel-linux-x86_64-debian-clang 1.5-8 3.31 22.37 25.68 OK
r-devel-linux-x86_64-debian-gcc 1.5-8 2.53 17.95 20.48 OK
r-devel-linux-x86_64-fedora-clang 1.5-8 42.00 OK
r-devel-linux-x86_64-fedora-gcc 1.5-8 31.09 OK
r-devel-windows-x86_64 1.5-8 8.00 37.00 45.00 OK
r-devel-windows-x86_64-gcc10-UCRT 1.5-8 ERROR
r-patched-linux-x86_64 1.5-8 3.53 21.96 25.49 OK
r-patched-solaris-x86 1.5-8 51.20 OK
r-release-linux-x86_64 1.5-8 2.98 21.86 24.84 OK
r-release-macos-arm64 1.5-8 OK
r-release-macos-x86_64 1.5-8 OK
r-release-windows-ix86+x86_64 1.5-8 12.00 33.00 45.00 OK
r-oldrel-macos-x86_64 1.5-8 OK
r-oldrel-windows-ix86+x86_64 1.5-8 11.00 34.00 45.00 OK

Check Details

Version: 1.5-8
Check: whether package can be installed
Result: ERROR
    Installation failed.
Flavor: r-devel-windows-x86_64-gcc10-UCRT