CRAN Package Check Results for Package qmix

Last updated on 2021-10-23 10:57:03 CEST.

Flavor Version Tinstall Tcheck Ttotal Status Flags
r-devel-linux-x86_64-debian-clang 0.1.2.0 602.66 115.67 718.33 NOTE
r-devel-linux-x86_64-debian-gcc 0.1.2.0 542.59 115.43 658.02 NOTE
r-devel-linux-x86_64-fedora-clang 0.1.2.0 1109.45 NOTE
r-devel-linux-x86_64-fedora-gcc 0.1.2.0 1203.68 NOTE
r-devel-windows-x86_64 0.1.2.0 728.00 140.00 868.00 NOTE
r-devel-windows-x86_64-gcc10-UCRT 0.1.2.0 WARN
r-patched-linux-x86_64 0.1.2.0 604.12 142.08 746.20 NOTE
r-patched-solaris-x86 0.1.2.0 1036.50 NOTE
r-release-linux-x86_64 0.1.2.0 612.52 139.24 751.76 NOTE
r-release-macos-arm64 0.1.2.0 NOTE
r-release-macos-x86_64 0.1.2.0 NOTE
r-release-windows-ix86+x86_64 0.1.2.0 1056.00 267.00 1323.00 NOTE
r-oldrel-macos-x86_64 0.1.2.0 NOTE
r-oldrel-windows-ix86+x86_64 0.1.2.0 1282.00 9.00 1291.00 ERROR

Check Details

Version: 0.1.2.0
Check: LazyData
Result: NOTE
     'LazyData' is specified without a 'data' directory
Flavors: r-devel-linux-x86_64-debian-clang, r-devel-linux-x86_64-debian-gcc, r-devel-linux-x86_64-fedora-clang, r-devel-linux-x86_64-fedora-gcc, r-devel-windows-x86_64, r-devel-windows-x86_64-gcc10-UCRT, r-patched-linux-x86_64, r-patched-solaris-x86, r-release-linux-x86_64, r-release-macos-arm64, r-release-macos-x86_64, r-release-windows-ix86+x86_64

Version: 0.1.2.0
Check: for GNU extensions in Makefiles
Result: NOTE
    GNU make is a SystemRequirements.
Flavors: r-devel-linux-x86_64-debian-clang, r-devel-linux-x86_64-debian-gcc, r-devel-linux-x86_64-fedora-clang, r-devel-linux-x86_64-fedora-gcc, r-devel-windows-x86_64, r-devel-windows-x86_64-gcc10-UCRT, r-patched-linux-x86_64, r-patched-solaris-x86, r-release-linux-x86_64, r-release-macos-arm64, r-release-macos-x86_64, r-release-windows-ix86+x86_64, r-oldrel-macos-x86_64

Version: 0.1.2.0
Check: installed package size
Result: NOTE
     installed size is 77.4Mb
     sub-directories of 1Mb or more:
     libs 77.1Mb
Flavors: r-devel-linux-x86_64-fedora-clang, r-patched-solaris-x86, r-release-macos-arm64, r-release-macos-x86_64, r-release-windows-ix86+x86_64, r-oldrel-macos-x86_64

Version: 0.1.2.0
Check: line endings in C/C++/Fortran sources/headers
Result: NOTE
    Found the following sources/headers with CR or CRLF line endings:
     src/RcppExports.cpp
     src/stanExports_qmixbf.h
     src/stanExports_qmixbfv.h
     src/stanExports_qmixbr.h
     src/stanExports_qmixbrv.h
     src/stanExports_qmixcf.h
     src/stanExports_qmixcr.h
    Some Unix compilers require LF line endings.
Flavor: r-devel-windows-x86_64-gcc10-UCRT

Version: 0.1.2.0
Check: line endings in Makefiles
Result: WARN
    Found the following Makefile(s) with CR or CRLF line endings:
     src/Makevars
    Some Unix 'make' programs require LF line endings.
Flavor: r-devel-windows-x86_64-gcc10-UCRT

Version: 0.1.2.0
Check: whether package can be installed
Result: ERROR
    Installation failed.
Flavor: r-oldrel-windows-ix86+x86_64